{"id":1183,"date":"2023-04-07T15:52:12","date_gmt":"2023-04-07T14:52:12","guid":{"rendered":"http:\/\/www.xn--motdedieuexpliqu-qqb.com\/?page_id=1183"},"modified":"2024-10-22T13:59:05","modified_gmt":"2024-10-22T12:59:05","slug":"symboles-de-poisson-et-vesica-piscis-2","status":"publish","type":"page","link":"https:\/\/www.xn--motdedieuexpliqu-qqb.com\/index.php\/symboles-de-poisson-et-vesica-piscis-2\/","title":{"rendered":"Symboles de Poisson et Vesica Piscis"},"content":{"rendered":"\n<p style=\"font-size:20px\"><a href=\"https:\/\/www.xn--motdedieuexpliqu-qqb.com\/wp-content\/uploads\/2023\/04\/Symboles-de-Poisson-et-Vesica-Piscis.pdf\">https:\/\/www.xn--motdedieuexpliqu-qqb.com\/wp-content\/uploads\/2023\/04\/Symboles-de-Poisson-et-Vesica-Piscis.pdf<\/a><\/p>\n\n\n\n<figure class=\"wp-block-table\"><table><tbody><tr><td>19<\/td><\/tr><tr><td>29<\/td><\/tr><tr><td>37<\/td><\/tr><tr><td>45<\/td><\/tr><tr><td>73<\/td><\/tr><tr><td>173<\/td><\/tr><tr><td>265<\/td><\/tr><tr><td>294<\/td><\/tr><tr><td>754<\/td><\/tr><tr><td>925<\/td><\/tr><tr><td>925.8<\/td><\/tr><tr><td>926<\/td><\/tr><tr><td>1000<\/td><\/tr><tr><td>1609<\/td><\/tr><tr><td>2002<\/td><\/tr><tr><td>2368<\/td><\/tr><tr><td>2701<\/td><\/tr><tr><td>3003<\/td><\/tr><tr><td>\u221a3<\/td><\/tr><tr><td>1000 = Compl\u00e9tude Divine et Gloire du P\u00e8re<\/td><\/tr><tr><td>153 = 9 x 17<\/td><\/tr><tr><td>391 = Le Saint de Dieu est Tu\u00e9 (Foi en Christ)<\/td><\/tr><tr><td>609 = Repos de l&#8217;\u00c2me<\/td><\/tr><tr><td>Bible<\/td><\/tr><tr><td>Christ = 73<\/td><\/tr><tr><td>Cercle<\/td><\/tr><tr><td>Cr\u00e9ation<\/td><\/tr><tr><td>Triangle \u00e9quilat\u00e9ral<\/td><\/tr><tr><td>Symboles des Poissons<\/td><\/tr><tr><td>G\u00e9matrie<\/td><\/tr><tr><td>Gen\u00e8se 1:1<\/td><\/tr><tr><td>Dieu le P\u00e8re<\/td><\/tr><tr><td>\u00c9vangile du Christ<\/td><\/tr><tr><td>H\u00e9breu<\/td><\/tr><tr><td>Cercles Entrecrois\u00e9s<\/td><\/tr><tr><td>J\u00e9sus-Christ (s) = 925<\/td><\/tr><tr><td>J\u00e9sus-Christ = 2368 (grec)<\/td><\/tr><tr><td>J\u00e9sus-Christ, Fils de Dieu<\/td><\/tr><tr><td>J\u00e9sus-Christ, Fils de Dieu, Sauveur<\/td><\/tr><tr><td>J\u00e9sus le Messie = 754 (H\u00e9breu)<\/td><\/tr><tr><td>J\u00e9sus = 37<\/td><\/tr><tr><td>Jean 1:1<\/td><\/tr><tr><td>Jean 21:11<\/td><\/tr><tr><td>Logos<\/td><\/tr><tr><td>Seigneur Dieu = 75<\/td><\/tr><tr><td>Seigneur J\u00e9sus-Christ<\/td><\/tr><tr><td>Math\u00e9matiques<\/td><\/tr><tr><td>Factorisation des Nombres Premiers<\/td><\/tr><tr><td>Nombres Premiers<\/td><\/tr><tr><td>Rectangle<\/td><\/tr><tr><td>Nombres R\u00e9fl\u00e9chis<\/td><\/tr><tr><td>Esprit = 224 (H\u00e9breu)<\/td><\/tr><tr><td>Carr\u00e9<\/td><\/tr><tr><td>\u00c9toile de David<\/td><\/tr><tr><td>Le Seigneur Dieu = 112 (H\u00e9breu)<\/td><\/tr><tr><td>La Parole<\/td><\/tr><tr><td>La Parole de Dieu<\/td><\/tr><tr><td>Vesica Piscis<\/td><\/tr><tr><td>Yehoshua<\/td><\/tr><\/tbody><\/table><\/figure>\n","protected":false},"excerpt":{"rendered":"\n<p style=\"font-size:20px\">https:\/\/www.xn--motdedieuexpliqu-qqb.com\/wp-content\/uploads\/2023\/04\/Symboles-de-Poisson-et-Vesica-Piscis.pdf<\/p>\n<p> 1929374573173265294754925925.8926100016092002236827013003\u221a31000 = Compl\u00e9tude Divine et Gloire du P\u00e8re153 = 9 x 17391 = Le Saint de Dieu est Tu\u00e9 (Foi en Christ)609 = Repos de l&#8217;\u00c2meBibleChrist = 73CercleCr\u00e9ationTriangle \u00e9quilat\u00e9ralSymboles des PoissonsG\u00e9matrieGen\u00e8se 1:1Dieu le P\u00e8re\u00c9vangile du ChristH\u00e9breuCercles Entrecrois\u00e9sJ\u00e9sus-Christ (s) = 925J\u00e9sus-Christ = 2368 (grec)J\u00e9sus-Christ, Fils de DieuJ\u00e9sus-Christ, Fils de Dieu, SauveurJ\u00e9sus le Messie [&#8230;]<\/p>\n","protected":false},"author":4,"featured_media":0,"parent":0,"menu_order":0,"comment_status":"closed","ping_status":"closed","template":"","meta":{"footnotes":""},"class_list":["post-1183","page","type-page","status-publish","hentry","odd"],"_links":{"self":[{"href":"https:\/\/www.xn--motdedieuexpliqu-qqb.com\/index.php\/wp-json\/wp\/v2\/pages\/1183","targetHints":{"allow":["GET"]}}],"collection":[{"href":"https:\/\/www.xn--motdedieuexpliqu-qqb.com\/index.php\/wp-json\/wp\/v2\/pages"}],"about":[{"href":"https:\/\/www.xn--motdedieuexpliqu-qqb.com\/index.php\/wp-json\/wp\/v2\/types\/page"}],"author":[{"embeddable":true,"href":"https:\/\/www.xn--motdedieuexpliqu-qqb.com\/index.php\/wp-json\/wp\/v2\/users\/4"}],"replies":[{"embeddable":true,"href":"https:\/\/www.xn--motdedieuexpliqu-qqb.com\/index.php\/wp-json\/wp\/v2\/comments?post=1183"}],"version-history":[{"count":5,"href":"https:\/\/www.xn--motdedieuexpliqu-qqb.com\/index.php\/wp-json\/wp\/v2\/pages\/1183\/revisions"}],"predecessor-version":[{"id":1274,"href":"https:\/\/www.xn--motdedieuexpliqu-qqb.com\/index.php\/wp-json\/wp\/v2\/pages\/1183\/revisions\/1274"}],"wp:attachment":[{"href":"https:\/\/www.xn--motdedieuexpliqu-qqb.com\/index.php\/wp-json\/wp\/v2\/media?parent=1183"}],"curies":[{"name":"wp","href":"https:\/\/api.w.org\/{rel}","templated":true}]}}