{"id":1246,"date":"2024-09-24T17:40:05","date_gmt":"2024-09-24T16:40:05","guid":{"rendered":"https:\/\/www.xn--motdedieuexpliqu-qqb.com\/?page_id=1246"},"modified":"2025-01-03T20:32:33","modified_gmt":"2025-01-03T20:32:33","slug":"mer-de-verre-144-000-carre-creux-parfait-jesus-au-milieu-2","status":"publish","type":"page","link":"https:\/\/www.xn--motdedieuexpliqu-qqb.com\/index.php\/mer-de-verre-144-000-carre-creux-parfait-jesus-au-milieu-2\/","title":{"rendered":"Mer de Verre &#8211; 144 000 &#8211; Carr\u00e9 Creux Parfait &#8211; J\u00e9sus au Milieu"},"content":{"rendered":"\n<figure class=\"wp-block-table\"><table class=\"has-fixed-layout\"><tbody><tr><td><strong>Sur la mer de verre, les 144 000 saints transf\u00e9r\u00e9s se tenaient dans un carr\u00e9 creux parfait avec J\u00c9SUS au milieu<\/strong><\/td><\/tr><tr><td><\/td><\/tr><tr><td><strong>DS &#8211; The Day-Star<\/strong><\/td><\/tr><tr><td><strong>Lettre du 24 Janvier 1846 de S\u0153ur Harmon.<\/strong><\/td><\/tr><tr><td>Portland, Me., 20 D\u00e9cembre 1845.<\/td><\/tr><tr><td>Fr\u00e8re Jacobs :&#8211;<\/td><\/tr><tr><td>Alors la trompette d&#8217;argent de J\u00c9SUS sonna, alors qu&#8217;il descendait sur le nuage, envelopp\u00e9 de flammes de feu. Il regarda les tombes des saints endormis, puis leva les yeux et les mains au ciel et s&#8217;\u00e9cria : R\u00e9veillez-vous ! R\u00e9veillez-vous ! R\u00e9veillez-vous ! vous qui dormez dans la poussi\u00e8re, et levez-vous. Puis il y eut un puissant tremblement de terre. LES TOMBES S&#8217;OUVRIRENT, ET LES MORTS RESSUSCITENT V\u00caTUS D&#8217;IMMORTALIT\u00c9. Les 144 000 cri\u00e8rent : All\u00e9luia ! Fran\u00e7aiscomme ILS RECONNAISSAIENT LEURS AMIS QUI LEUR AVAIENT \u00c9T\u00c9 ARRACH\u00c9S PAR LA MORT, et au m\u00eame instant nous f\u00fbmes transform\u00e9s et enlev\u00e9s avec eux \u00e0 la rencontre du Seigneur dans les airs. Nous entr\u00e2mes tous ensemble dans la nu\u00e9e, et nous \u00e9tions en MONT\u00c9E <strong>7 JOURS<\/strong> VERS LA <strong>MER DE VERRE<\/strong>, lorsque J\u00c9SUS apporta les couronnes et de sa propre main droite les pla\u00e7a sur nos t\u00eates. Il nous donna des harpes d&#8217;or et des palmes de victoire. {1846 DS}<\/td><\/tr><tr><td>ICI SUR LA <strong>MER DE VERRE<\/strong>, LES <strong>144 000 SE TENAIENT<\/strong> DANS UN <strong>CARR\u00c9 PARFAIT<\/strong>. CERTAINS D&#8217;ENTRE EUX ONT DES COURONNES TR\u00c8S BRILLANTES, D&#8217;AUTRES MOINS BRILLANTES. CERTAINES COURONNES APPARAISSAIENT [LOURDES] D&#8217;\u00c9TOILES, TANDIS QUE D&#8217;AUTRES N&#8217;EN ONT QUE PEU. TOUS \u00c9TAIENT PARFAITEMENT SATISFAITS DE LEURS COURONNES. Et ils \u00e9taient tous v\u00eatus d&#8217;un glorieux manteau blanc des \u00e9paules aux pieds. Les anges nous entouraient tandis que nous traversions la <strong>MER DE VERRE<\/strong> pour nous rendre \u00e0 la porte de la ville. J\u00c9SUS leva son bras puissant et glorieux, saisit la porte et la fit pivoter sur ses gonds d&#8217;or, et nous dit : Vous avez lav\u00e9 vos robes dans mon sang, vous avez d\u00e9fendu ma v\u00e9rit\u00e9 avec raideur, entrez. {1846 DS}<\/td><\/tr><tr><td><\/td><\/tr><tr><td>Ceux qui, peu de temps auparavant, auraient d\u00e9truit les ENFANTS FID\u00c8LES de DIEU de la terre, ont d\u00fb \u00eatre t\u00e9moins de la gloire de DIEU qui reposait sur eux. Ils les avaient vus glorifi\u00e9s. Et au milieu de toutes ces sc\u00e8nes terribles, ils avaient entendu les voix des saints dans des accents joyeux, disant : Voici, c&#8217;est notre DIEU, nous l&#8217;avons attendu, et il nous sauvera. La terre trembla puissamment lorsque la VOIX du FILS de DIEU appela les saints endormis. Ils r\u00e9pondirent \u00e0 l&#8217;appel et sortirent rev\u00eatus d&#8217;une glorieuse immortalit\u00e9, criant : Victoire ! victoire ! sur la mort et la tombe. O mort, o\u00f9 est ton aiguillon ? O tombe, o\u00f9 est ta victoire ? ALORS LES SAINTS VIVANTS ET LES RESSUSCIT\u00c9S \u00c9LEV\u00c8RENT LEURS VOIX DANS UN LONG CRI DE VICTOIRE TRANSPORTANT. CES CORPS MALADES QUI \u00c9TAIENT DESCENDUS DANS LA TOMBE EN RESSORTIRENT AVEC UNE SANT\u00c9 ET UNE VIGUEUR IMMORTELLES. LES SAINTS VIVANTS FURENT TRANSFORM\u00c9S EN UN INSTANT, EN UN CLIN D&#8217;\u0152IL, ET RATTRAP\u00c9S PAR LES RESSUSCIT\u00c9S, ET ENSEMBLE ILS RENCONTR\u00c8RENT LEUR SEIGNEUR DANS LES AIRS. O quelle glorieuse rencontre ! Des amis que la mort avait s\u00e9par\u00e9s furent r\u00e9unis pour ne plus jamais se s\u00e9parer. {1858 1SG 207.1}<\/td><\/tr><tr><td>De chaque c\u00f4t\u00e9 du char nuageux se trouvaient des ailes, et au-dessous se trouvaient des roues vivantes ; Et comme le char de nu\u00e9e roulait vers le haut, les roues criaient : Saint ! Et les ailes, en se d\u00e9pla\u00e7ant, criaient : Saint ! Et la suite des SAINTS ANGES autour de la nu\u00e9e criait : Saint, Saint, Saint, SEIGNEUR DIEU TOUT-PUISSANT ! Et les saints dans la nu\u00e9e criaient : Gloire, all\u00e9luia ! ET LE CHAR MONTA VERS LA VILLE SAINTE. AVANT D&#8217;ENTRER DANS LA VILLE SAINTE, LES SAINTS \u00c9TAIENT DISPOS\u00c9S EN <strong>CARR\u00c9 PARFAIT<\/strong>, AVEC <strong>J\u00c9SUS<\/strong> AU <strong>MILIEU<\/strong>. IL \u00c9TAIT DE LA T\u00caTE ET DES \u00c9PAULES BIEN AU-DESSUS DES SAINTS, ET DE LA T\u00caTE ET DES \u00c9PAULES BIEN AU-DESSUS DES ANGES. SA FORME MAJESTUEUSE ET SON BEAU VISAGE POUVAIENT \u00caTRE <strong>VUS PAR TOUS CEUX QUI \u00c9TAIENT SUR LA PLACE.<\/strong> {1858 1SG 208.1} Aussi {1882 EW 287.2}<\/td><\/tr><tr><td><\/td><\/tr><tr><td>SUR LA <strong>MER DE CRISTAL<\/strong>, DEVANT LE TR\u00d4NE, CETTE <strong>MER DE VERRE<\/strong>, COMME M\u00caL\u00c9E DE FEU, tant elle est resplendissante de la gloire de DIEU, SONT RASSEMBL\u00c9ES LA COMPAGNIE QUI A \u00ab OBTENU LA VICTOIRE SUR LA B\u00caTE, ET SUR SON IMAGE, ET SUR SA MARQUE, ET SUR LE NOMBRE DE SON NOM. \u00bb [Apocalypse 15:2.] AVEC L&#8217;AGNEAU SUR LA MONTAGNE DE SION, \u00ab AYANT LES HARPES DE DIEU \u00bb, ILS SE TIENNENT DEBOUT, LES CENT QUARANTE-QUATRE MILLE QUI ONT \u00c9T\u00c9 RACHET\u00c9S D&#8217;ENTRE LES HOMMES ; et l\u2019on entend comme un bruit de grandes eaux et comme un bruit de tonnerre, \u00ab la voix des joueurs de harpes jouant de leurs harpes \u00bb. [Apocalypse 14:1-5 ; 15:3 ; 7:14-17] ET ILS CHANTENT \u00ab UN CANTIQUE NOUVEAU \u00bb DEVANT LE TR\u00d4NE, UN CANTIQUE QUE NUL NE PEUT APPRENDRE, SAUF LES 144 400. C\u2019EST LE CANTIQUE DE MO\u00cfSE ET DE L\u2019AGNEAU, UN CANTIQUE DE D\u00c9LIVRANCE. PERSONNE, SAUF LES 144 400, NE PEUT APPRENDRE CE CANTIQUE ; CAR C\u2019EST LE CANTIQUE DE LEUR EXP\u00c9RIENCE, UNE EXP\u00c9RIENCE TELLE QU\u2019AUCUNE AUTRE TROUPE N\u2019EN A JAMAIS EU. \u00ab CE SONT CEUX QUI SUIVENT L\u2019AGNEAU PARTOUT O\u00d9 IL VA. \u00bb CEUX-CI, AYANT \u00c9T\u00c9 ENLEV\u00c9S DE LA TERRE PARMI LES VIVANTS, SONT CONSID\u00c9R\u00c9S COMME \u00ab LES PR\u00c9MICES DE DIEU ET DE L\u2019AGNEAU. \u00bb \u00ab CE SONT CEUX QUI SONT VENUS DE LA GRANDE TRIBULATION \u00bb [Apocalypse 14:1-5 ; 15:3 ; Apocalypse 7:14-17]. ILS ONT TRAVERS\u00c9 UN TEMPS DE D\u00c9TRESSE TEL QU&#8217;IL N&#8217;Y EN A JAMAIS EU DE PAREIL DEPUIS QUE LES NATIONS EXISTENT ; ILS ONT SUPPORT\u00c9 L&#8217;ANGOISSE DU TEMPS DE D\u00c9TRESSE DE JACOB ; ILS SONT REST\u00c9S DEBOUT SANS INTERCESSEUR JUSQU&#8217;\u00c0 L&#8217;EFFUSION FINALE DES JUGEMENTS DE DIEU. MAIS ILS ONT \u00c9T\u00c9 D\u00c9LIVR\u00c9S, CAR ILS ONT \u00ab LAV\u00c9 LEURS ROBES, ET LES ONT BLANCHIES DANS LE SANG DE L&#8217;AGNEAU \u00bb. \u00ab DANS LEUR BOUCHE ON NE S&#8217;EST PAS TROUV\u00c9 DE FRAUDE ; CAR ILS SONT SANS FAUTE DEVANT DIEU. \u00ab C&#8217;EST POURQUOI ILS SONT DEVANT LE TR\u00d4NE DE DIEU, ET LE SERVENT JOUR ET NUIT DANS SON TEMPLE ; ET CELUI QUI EST ASSIS SUR LE TR\u00d4NE HABITERA AU MILIEU D&#8217;EUX. \u00bb [Apocalypse 14:1-5 ; 15:3 ; Apocalypse 7:14-17.] ILS ONT VU LA TERRE RAVAG\u00c9E PAR LA FAIM ET LA PESTE, LE SOLEIL AYANT LE POUVOIR DE BR\u00dbLER LES HOMMES PAR UNE GRANDE CHALEUR, ET ILS ONT EUX-M\u00caMES SUPPORT\u00c9 LA SOUFFRANCE, LA FAIM ET LA SOIF. MAIS \u00ab ILS N&#8217;AURONT PLUS FAIM, ILS N&#8217;AURONT PLUS SOIF, LE SOLEIL NE LES FRAPPERA PLUS, NI AUCUNE CHALEUR, CAR L&#8217;<strong>AGNEAU<\/strong> QUI EST AU <strong>MILIEU DU TR\u00d4NE<\/strong> LES NOURRIRA ET LES CONDUIRA AUX SOURCES D&#8217;EAUX VIVES, ET DIEU ESSUIERA TOUTE LARME DE LEURS YEUX. [Apocalypse 14:1-5; 15:3; 7:14-17.] {1888 GC88 648.3}<\/td><\/tr><tr><td><\/td><\/tr><tr><td>Apocalypse 7:14 <strong>Je lui dis: Seigneur, tu le sais. Et il me dit: Ce sont ceux qui viennent de la GRANDE TRIBULATION; ils ont lav\u00e9 leurs robes et les ont blanchies dans le sang de l&#8217;agneau.<\/strong><\/td><\/tr><tr><td>Apocalypse 7:15 <strong>C&#8217;est pourquoi ils sont devant le tr\u00f4ne de DIEU, et le servent jour et nuit dans son temple; et celui qui est assis sur le tr\u00f4ne habitera au milieu d&#8217;eux.<\/strong><\/td><\/tr><tr><td>Apocalypse 7:16 <strong>Ils n&#8217;auront plus faim, ils n&#8217;auront plus soif; le soleil ne les frappera plus, ni aucune chaleur.<\/strong><\/td><\/tr><tr><td>Apocalypse 7:17 <strong>Car l&#8217;AGNEAU qui est au MILIEU du TR\u00d4NE les pa\u00eetra et les conduira aux sources des eaux de la vie; et DIEU essuiera toute larme de leurs yeux.<\/strong><\/td><\/tr><tr><td><\/td><\/tr><tr><td>Apocalypse 14:1 <strong>Je regardai, et voici, UN AGNEAU SE TENAIT SUR LA MONTAGNE DE SION, ET AVEC LUI CENT QUARANTE-QUATRE MILLE HOMMES qui avaient le nom de son P\u00e8re \u00e9crit sur leurs fronts.<\/strong><\/td><\/tr><tr><td>Apocalypse 14:2 <strong>Et j&#8217;entendis du ciel une voix, comme le bruit de grandes eaux et comme le bruit d&#8217;un grand tonnerre; et j&#8217;entendis une voix de joueurs de harpes jouant de leurs harpes.<\/strong><\/td><\/tr><tr><td>Apocalypse 14:3 <strong>Et ils chantaient un cantique nouveau devant le TR\u00d4NE, et devant les quatre \u00eatres vivants et les vieillards. Et personne ne pouvait apprendre le cantique, sinon les cent quarante-quatre mille qui avaient \u00e9t\u00e9 rachet\u00e9s de la terre.<\/strong><\/td><\/tr><tr><td>Apocalypse 14:4 <strong>Ce sont ceux qui ne se sont pas souill\u00e9s avec des femmes, car ils sont vierges. Ce sont ceux qui suivent l&#8217;agneau partout o\u00f9 il va. CEUX-CI ONT \u00c9T\u00c9 RACHET\u00c9S D&#8217;ENTRE LES HOMMES, PR\u00c9MICES POUR DIEU ET POUR L&#8217;AGNEAU.<\/strong><\/td><\/tr><tr><td>Apocalypse 14:5 <strong>Et il ne s&#8217;est point trouv\u00e9 de fraude dans leur bouche, car ils sont irr\u00e9prochables devant le tr\u00f4ne de DIEU.<\/strong><\/td><\/tr><tr><td><\/td><\/tr><tr><td>Apocalypse 15:2 <strong>Et je vis comme une MER DE VERRE m\u00eal\u00e9e de feu; et CEUX QUI AVAIENT VAINCU la b\u00eate, son image, son signe, et le nombre de son nom, debout sur la MER DE VERRE, ayant les HARPES DE DIEU.<\/strong><\/td><\/tr><tr><td>Apocalypse 15:3 <strong>Et ils chantent le cantique de Mo\u00efse, serviteur de DIEU, et le cantique de l&#8217;agneau, en disant: Tes \u0153uvres sont grandes et admirables, Seigneur DIEU tout-puissant; TES voies sont justes et v\u00e9ritables, Roi des saints.<\/strong><\/td><\/tr><tr><td><\/td><\/tr><tr><td>A l&#8217;issue du grand combat, deux classes distinctes et oppos\u00e9es se d\u00e9veloppent. Une classe \u00abadore la b\u00eate et son image, et re\u00e7oit sa marque\u00bb, et ainsi s&#8217;attire les terribles jugements dont le troisi\u00e8me ange menace. L&#8217;autre classe, en contraste marqu\u00e9 avec le monde, \u00abgarde les commandements de DIEU et la foi de J\u00e9sus\u00bb (Apocalypse 14:9, 12). Bien que les puissances de la terre rassemblent leurs forces pour contraindre \u00abtous, petits et grands, riches et pauvres, libres et esclaves\u00bb \u00e0 recevoir la marque de la b\u00eate, le PEUPLE de DIEU ne la re\u00e7oit pas. Le proph\u00e8te de Patmos voit \u00abCEUX QUI ONT REMPORT\u00c9 LA VICTOIRE SUR LA B\u00caTE, SUR SON IMAGE, SUR SA MARQUE, ET SUR LE NOMBRE DE SON NOM, SE TENIR DEBOUT SUR LA <strong>MER DE VERRE<\/strong>, AYANT LES <strong>HARPES DE DIEU<\/strong>\u00bb (Apocalypse 15:2) et chanter le CANTIQUE de MO\u00cfSE et de l&#8217;AGNEAU. {1884 4SP 282.2}<\/td><\/tr><tr><td><\/td><\/tr><tr><td>J&#8217;esp\u00e8re et je prie que vous puissiez marcher en toute humilit\u00e9 d&#8217;esprit, afin que vous puissiez \u00eatre une b\u00e9n\u00e9diction les uns pour les autres. &#8220;Encore un peu de temps, et celui qui doit venir viendra, et il ne tardera pas.&#8221; Les lampes de l&#8217;\u00e9pouse doivent \u00eatre maintenues pr\u00eates et allum\u00e9es. Notre Seigneur tarde \u00e0 cause de sa longanimit\u00e9 envers nous, &#8220;ne voulant pas qu&#8217;aucun p\u00e9risse, mais que tous arrivent \u00e0 la repentance&#8221;. Mais QUAND NOUS, AVEC TOUS LES REDIM\u00c9S, NOUS SERONS DEBOUT SUR LA <strong>MER DE VERRE<\/strong>, AVEC DES HARPES D&#8217;OR ET DES COURONNES DE GLOIRE, ET DEVANT NOUS L&#8217;IMMENSIT\u00c9 DE L&#8217;\u00c9TERNIT\u00c9, ALORS NOUS VERRONS COMBIEN LA P\u00c9RIODE D&#8217;ATTENTE DE L&#8217;\u00c9PREUVE A \u00c9T\u00c9 COURTE. &#8220;Heureux ces serviteurs que le Seigneur, \u00e0 son arriv\u00e9e, trouvera veillant.&#8221; {1882 5T 485.1}<\/td><\/tr><tr><td><\/td><\/tr><tr><td>Lorsque nous examinons les moments o\u00f9 <strong>J\u00c9SUS<\/strong> \u00e9tait AU <strong>MILIEU<\/strong>, nous trouvons, en plus de la r\u00e9f\u00e9rence \u00e0 la <strong>MER DE VERRE<\/strong>, des \u00e9v\u00e9nements avec hostilit\u00e9 et protection des anges, sa mort et son retour ult\u00e9rieur vers ses disciples. Il y eut sans doute aussi des moments o\u00f9 J\u00c9SUS parla \u00e0 ses disciples qui l&#8217;entour\u00e8rent.<\/td><\/tr><tr><td><\/td><\/tr><tr><td>AVANT D&#8217;ENTRER DANS LA VILLE, LES SAINTS SONT DISPOS\u00c9S SUR UNE <strong>PLACE CREUX<\/strong>, AVEC <strong>J\u00c9SUS<\/strong> AU <strong>MILIEU<\/strong>. En hauteur, il surpasse \u00e0 la fois les saints et les anges. Sa forme majestueuse et son beau visage peuvent \u00eatre vus par tous ceux qui se trouvent sur la place. Sur la t\u00eate des vainqueurs, le Sauveur, de sa propre main droite, place les couronnes de gloire. Pour chaque saint, il y a une couronne, portant son nouveau nom, et l&#8217;inscription : \u00ab Saintet\u00e9 au Seigneur \u00bb. Dans chaque main sont plac\u00e9es la palme du vainqueur et la harpe brillante. Les ANGES COMMANDANTS frappent la note, et chaque voix s&#8217;\u00e9l\u00e8ve en louanges reconnaissantes, chaque main agite les cordes de la harpe avec un toucher habile, \u00e9veillant une douce musique aux accents riches et m\u00e9loDIEUx. {1884 4SP 464.3}<\/td><\/tr><tr><td><\/td><\/tr><tr><td>Leur incr\u00e9dulit\u00e9 et leur malice augment\u00e8rent. Satan contr\u00f4lait leurs esprits, et ils cri\u00e8rent contre lui avec col\u00e8re et haine. Leur assembl\u00e9e se s\u00e9para, et ils mirent la main sur J\u00e9sus, et le chass\u00e8rent de la synagogue, de leur ville, et auraient d\u00e9barrass\u00e9 le monde de sa pr\u00e9sence, s&#8217;ils avaient eu le pouvoir de le faire. Tous semblaient d\u00e9sireux de participer \u00e0 sa destruction. ILS LE PR\u00c9CIPIT\u00c8RENT VERS LE SOMMET D&#8217;UN PR\u00c9CIPICE ABRUPT, dans l&#8217;intention de le pr\u00e9cipiter la t\u00eate la premi\u00e8re. Ils pensaient que leurs mains \u00e9taient sur lui. Certains criaient une chose, d&#8217;autres une autre. Certains lui jetaient des pierres et de la terre, mais soudain il disparut du <strong>MILIEU<\/strong> d&#8217;eux, sans qu&#8217;ils sachent comment, ni quand. DES ANGES DE DIEU ASSIST\u00e8rent <strong>J\u00c9SUS<\/strong> AU <strong>MILIEU<\/strong> DE CETTE FOULE EN FUREUR, ET LUI PR\u00c9SERVAIENT LA VIE. Les MESSAGERS C\u00c9LESTES \u00e9taient \u00e0 ses c\u00f4t\u00e9s dans la synagogue, pendant qu&#8217;il parlait ; et ils l&#8217;accompagn\u00e8rent quand les Juifs incr\u00e9dules et furieux les press\u00e8rent et les pouss\u00e8rent. Ces ANGES aveugl\u00e8rent les yeux de cette foule enrag\u00e9e et conduisirent J\u00c9SUS en lieu s\u00fbr. {1877 1Red 57.1} {1877 2SP 114.1}<\/td><\/tr><tr><td><\/td><\/tr><tr><td>Luc 4:29 <strong>Et se levant, ils le jet\u00e8rent hors de la ville et le conduisirent jusqu&#8217;au SOMMET DE LA MONTAGNE sur laquelle leur ville \u00e9tait b\u00e2tie, afin de le pr\u00e9cipiter en bas.<\/strong><\/td><\/tr><tr><td>Luc 4:30 <strong>Mais lui, passant au milieu d&#8217;eux, s&#8217;en alla.<\/strong><\/td><\/tr><tr><td><\/td><\/tr><tr><td>Les brigands crucifi\u00e9s avec J\u00c9SUS furent plac\u00e9s &#8220;de chaque c\u00f4t\u00e9, un, et <strong>J\u00c9SUS <\/strong>AU<strong> MILIEU<\/strong>&#8220;. Cela fut fait sur ordre des pr\u00eatres et des chefs. La position de CHRIST entre les brigands devait indiquer qu&#8217;il \u00e9tait le plus grand criminel des trois. Ainsi fut accomplie l&#8217;\u00c9criture : &#8220;Il a \u00e9t\u00e9 compt\u00e9 parmi les malfaiteurs&#8221;. Esa\u00efe 53:12. Mais les pr\u00eatres ne saisirent pas la pleine signification de leur acte. DE M\u00caME QUE <strong>J\u00c9SUS<\/strong>, CRUCIFI\u00c9 AVEC LES VOLEURS, FUT PLAC\u00c9 \u00ab AU<strong> MILIEU<\/strong> \u00bb, DE M\u00caME SA CROIX FUT PLAC\u00c9E AU <strong>MILIEU<\/strong> D\u2019UN MONDE QUI \u00c9TAIT DANS LE P\u00c9CH\u00c9. Et les paroles de pardon adress\u00e9es au voleur p\u00e9nitent allum\u00e8rent une lumi\u00e8re qui brillera jusqu\u2019aux confins de la terre. {1898 DA 751.4}<\/td><\/tr><tr><td><\/td><\/tr><tr><td>Jean 19:18 <strong>L\u00e0, ils le crucifi\u00e8rent, et deux autres avec lui, de chaque c\u00f4t\u00e9 un, et J\u00c9SUS AU MILIEU.<\/strong><\/td><\/tr><tr><td><\/td><\/tr><tr><td>Joseph et Nicod\u00e8me observ\u00e8rent chaque d\u00e9veloppement de la condamnation et de la crucifixion du CHRIST. Aucun acte ne leur \u00e9chappa. Ces hommes \u00e9taient des chercheurs assidus des \u00c9critures, et ils furent profond\u00e9ment indign\u00e9s en voyant cet homme, que les juges avaient d\u00e9clar\u00e9 enti\u00e8rement sans faute, plac\u00e9 au <strong>MILIEU<\/strong> de deux brigands, \u00ab DE CHAQUE C\u00d4T\u00c9 UN, ET <strong>J\u00c9SUS<\/strong> AU <strong>MILIEU<\/strong> \u00bb. Cette instruction avait \u00e9t\u00e9 donn\u00e9e par les principaux sacrificateurs et les chefs, afin que, par sa position, tous puissent juger que CHRIST \u00e9tait le plus c\u00e9l\u00e8bre des trois. {Ms103-1897}<\/td><\/tr><tr><td><\/td><\/tr><tr><td>Jean 20:19 \u00b6 <strong>Le soir de ce m\u00eame jour, qui \u00e9tait le premier jour de la semaine, les portes du lieu o\u00f9 les disciples \u00e9taient assembl\u00e9s \u00e9tant ferm\u00e9es par crainte des Juifs, J\u00c9SUS et DEBOUT AU MILIEU, et leur dit : La paix soit avec vous !<\/strong><\/td><\/tr><tr><td>Jean 20:20 <strong>Apr\u00e8s avoir dit cela, il leur montra ses mains et son c\u00f4t\u00e9. Alors les disciples furent remplis de joie en voyant le Seigneur.<\/strong><\/td><\/tr><tr><td>Jean 20:21 <strong>Alors J\u00c9SUS leur dit de nouveau : La paix soit avec vous ! Comme mon P\u00e8re m&#8217;a envoy\u00e9, moi aussi je vous envoie.<\/strong><\/td><\/tr><tr><td>Jean 20:22 <strong>Apr\u00e8s avoir dit cela, il souffla sur eux et leur dit : Recevez le Saint-Esprit.<\/strong><\/td><\/tr><tr><td><\/td><\/tr><tr><td>Nous revenons maintenant au <strong>carr\u00e9 creux parfait<\/strong>. \u00c0 partir de v\u00e9rifications math\u00e9matiques bas\u00e9es sur les informations ci-dessus, ce qui suit a \u00e9t\u00e9 \u00e9tabli :<\/td><\/tr><tr><td>En supposant que chacun des 144 000 saints transf\u00e9r\u00e9s se trouve dans un carr\u00e9 de 1&#215;1 unit\u00e9s, alors,<\/td><\/tr><tr><td><strong>Le carr\u00e9 creux a une dimension unitaire ext\u00e9rieure de 640&#215;640 avec une dimension unitaire int\u00e9rieure de 480&#215;480.<\/strong><\/td><\/tr><tr><td>Cela permet de subdiviser chaque c\u00f4t\u00e9 ext\u00e9rieur de 640 unit\u00e9s comme suit&nbsp;:<\/td><\/tr><tr><td><strong>80<\/strong> [par rapport au c\u00f4t\u00e9 retour] puis 5, <strong>150<\/strong>, 5, 5, <strong>150<\/strong>, 5, 5, <strong>150<\/strong>, 5 et <strong>80<\/strong> [par rapport au c\u00f4t\u00e9 retour]<\/td><\/tr><tr><td>Cette disposition donne 150&#215;80=12&nbsp;000 unit\u00e9s carr\u00e9es pour chacune des 12 tribus d&#8217;Isra\u00ebl, avec un espace nominal de s\u00e9paration de 10 unit\u00e9s entre chaque tribu.<\/td><\/tr><tr><td>Ainsi, la surface allou\u00e9e \u00e0 chacune des 12 tribus est de 160&#215;80, ce qui correspond \u00e0 un rapport de 2:1.<\/td><\/tr><tr><td>Notez que les dimensions de 5, <strong>150<\/strong>, 5, 5, <strong>150<\/strong>, 5, 5, <strong>150<\/strong>, 5 unit\u00e9s s&#8217;additionnent pour donner le carr\u00e9 int\u00e9rieur de 480.<\/td><\/tr><tr><td><\/td><\/tr><tr><td>Apocalypse 7:4 <strong>Et j&#8217;entendis le nombre de ceux qui avaient \u00e9t\u00e9 marqu\u00e9s du sceau: cent quarante-quatre mille de toutes les tribus des enfants d&#8217;Isra\u00ebl.<\/strong><\/td><\/tr><tr><td>Apocalypse 7:5 <strong>De la tribu de Juda, douze mille marqu\u00e9s du sceau. De la tribu de Ruben, douze mille marqu\u00e9s du sceau. De la tribu de Gad, douze mille marqu\u00e9s du sceau.<\/strong><\/td><\/tr><tr><td>Apocalypse 7:6 <strong>De la tribu d&#8217;Aser, douze mille marqu\u00e9s du sceau. De la tribu de Nephthali, douze mille marqu\u00e9s du sceau. De la tribu de Manass\u00e9, douze mille marqu\u00e9s du sceau.<\/strong><\/td><\/tr><tr><td>Apocalypse 7:7 <strong>De la tribu de Sim\u00e9on, douze mille marqu\u00e9s du sceau. De la tribu de L\u00e9vi, douze mille marqu\u00e9s du sceau. De la tribu d&#8217;Issacar, douze mille marqu\u00e9s du sceau.<\/strong><\/td><\/tr><tr><td>Apocalypse 7:8 <strong>De la tribu de Zabulon, douze mille marqu\u00e9s du sceau. De la tribu de Joseph, douze mille marqu\u00e9s du sceau. De la tribu de Benjamin, douze mille marqu\u00e9s du sceau.<\/strong><\/td><\/tr><tr><td><\/td><\/tr><tr><td>Il a \u00e9galement \u00e9t\u00e9 not\u00e9 que&nbsp;:<\/td><\/tr><tr><td>640&#215;640 \/ 480&#215;480 = 1,77777777 r\u00e9current<\/td><\/tr><tr><td>480&#215;480 \/ 640&#215;640 = 0,5625<\/td><\/tr><tr><td>384000 \/ (480&#215;480) = 1,6666666 r\u00e9current<\/td><\/tr><tr><td>(480&#215;480) \/ 384000 = 0,6<\/td><\/tr><tr><td>o\u00f9 384000 est d\u00e9riv\u00e9 de 640&#215;640 moins les 4x(80&#215;80) carr\u00e9s inutilis\u00e9s du carr\u00e9 ext\u00e9rieur.<\/td><\/tr><tr><td>En g\u00e9matrie&nbsp;:<\/td><\/tr><tr><td>777 = Puissance de la Divinit\u00e9 \/ Perfection \u2013 J\u00e9sus-Christ<\/td><\/tr><tr><td>666 = La Marque \/ Nombre de la B\u00eate \u2013 L&#8217;Ant\u00e9christ<\/td><\/tr><tr><td>80 = Pri\u00e8re (Fils de l&#8217;Homme)<\/td><\/tr><tr><td>480 = Fils de DIEU (Sur le Tr\u00f4ne)<\/td><\/tr><tr><td>La r\u00e9currence de ces nombres est peut-\u00eatre li\u00e9e \u00e0 l&#8217;infini [sans fin].<\/td><\/tr><tr><td><\/td><\/tr><tr><td>Enfin, pour ceux qui se demandent comment J\u00c9SUS pouvait \u00eatre vu par TOUS sur la place avec un rassemblement de 80 saints traduits en profondeur, le texte suivant offre une explication. De toute \u00e9vidence, la vue c\u00e9leste est de loin sup\u00e9rieure \u00e0 la vue terrestre.<\/td><\/tr><tr><td>Bient\u00f4t, nous avons entendu \u00e0 nouveau sa belle voix, disant : Venez mon peuple ; vous \u00eates sortis de la grande tribulation, et vous avez fait ma volont\u00e9, vous avez souffert pour moi ; entrez pour souper, car je me ceindrai et vous servirai. Nous avons cri\u00e9 All\u00e9luia, gloire, et sommes entr\u00e9s dans la ville, et J&#8217;AI VU <strong>UNE TABLE<\/strong> D&#8217;ARGENT PUR, ELLE AVAIT <strong>PLUSIEURS KILOM\u00c8TRES DE LONGUEUR, MAIS NOS YEUX POUVAIENT S&#8217;\u00c9TENDRE DESSUS.<\/strong> Et J&#8217;AI VU LE FRUIT DE L&#8217;ARBRE DE VIE, LA MANNE, LES AMANDES, LES FIGUES, LES GRENADES, LES RAISINS ET BEAUCOUP D&#8217;AUTRES SORTES DE FRUITS. Nous nous sommes tous allong\u00e9s \u00e0 table. J&#8217;ai demand\u00e9 \u00e0 J\u00c9SUS de me laisser manger du fruit. Il a dit, pas maintenant. Ceux qui mangent les fruits de cette terre ne retournent plus sur terre. Mais dans peu de temps, si vous \u00eates fid\u00e8les, vous MANGEREZ DU FRUIT DE L&#8217;ARBRE DE VIE ET \u200b\u200bBOIREZ DE L&#8217;EAU DE LA FONTAINE. Il dit : \u00ab Vous devez retourner sur terre et raconter aux autres ce que je vous ai r\u00e9v\u00e9l\u00e9. \u00bb Puis un ANGE m&#8217;a doucement port\u00e9 dans ce MONDE OBSCUR. Parfois, je pense que je ne peux plus rester ici, toutes les choses de la terre me semblent si lugubres. JE ME SENS TR\u00c8S SEULE ICI, CAR J&#8217;AI VU UNE MEILLEURE TERRE. Oh, si j&#8217;avais des AILES comme une colombe, alors je m&#8217;envolerais et serais en paix. Ellen G. Harmon {DS, 24 Janvier 1846}<\/td><\/tr><\/tbody><\/table><\/figure>\n\n\n\n<p><\/p>\n","protected":false},"excerpt":{"rendered":"<p> Sur la mer de verre, les 144 000 saints transf\u00e9r\u00e9s se tenaient dans un carr\u00e9 creux parfait avec J\u00c9SUS au milieuDS &#8211; The Day-StarLettre du 24 Janvier 1846 de S\u0153ur Harmon.Portland, Me., 20 D\u00e9cembre 1845.Fr\u00e8re Jacobs :&#8211;Alors la trompette d&#8217;argent de J\u00c9SUS sonna, alors qu&#8217;il descendait sur le nuage, envelopp\u00e9 de flammes de feu. [&#8230;]<\/p>\n","protected":false},"author":4,"featured_media":0,"parent":0,"menu_order":0,"comment_status":"closed","ping_status":"closed","template":"","meta":{"footnotes":""},"class_list":["post-1246","page","type-page","status-publish","hentry","odd"],"_links":{"self":[{"href":"https:\/\/www.xn--motdedieuexpliqu-qqb.com\/index.php\/wp-json\/wp\/v2\/pages\/1246","targetHints":{"allow":["GET"]}}],"collection":[{"href":"https:\/\/www.xn--motdedieuexpliqu-qqb.com\/index.php\/wp-json\/wp\/v2\/pages"}],"about":[{"href":"https:\/\/www.xn--motdedieuexpliqu-qqb.com\/index.php\/wp-json\/wp\/v2\/types\/page"}],"author":[{"embeddable":true,"href":"https:\/\/www.xn--motdedieuexpliqu-qqb.com\/index.php\/wp-json\/wp\/v2\/users\/4"}],"replies":[{"embeddable":true,"href":"https:\/\/www.xn--motdedieuexpliqu-qqb.com\/index.php\/wp-json\/wp\/v2\/comments?post=1246"}],"version-history":[{"count":4,"href":"https:\/\/www.xn--motdedieuexpliqu-qqb.com\/index.php\/wp-json\/wp\/v2\/pages\/1246\/revisions"}],"predecessor-version":[{"id":1389,"href":"https:\/\/www.xn--motdedieuexpliqu-qqb.com\/index.php\/wp-json\/wp\/v2\/pages\/1246\/revisions\/1389"}],"wp:attachment":[{"href":"https:\/\/www.xn--motdedieuexpliqu-qqb.com\/index.php\/wp-json\/wp\/v2\/media?parent=1246"}],"curies":[{"name":"wp","href":"https:\/\/api.w.org\/{rel}","templated":true}]}}