{"id":1574,"date":"2025-02-15T16:59:30","date_gmt":"2025-02-15T16:59:30","guid":{"rendered":"https:\/\/www.xn--motdedieuexpliqu-qqb.com\/?page_id=1574"},"modified":"2025-02-15T17:06:49","modified_gmt":"2025-02-15T17:06:49","slug":"population-mondiale-2","status":"publish","type":"page","link":"https:\/\/www.xn--motdedieuexpliqu-qqb.com\/index.php\/population-mondiale-2\/","title":{"rendered":"Population Mondiale"},"content":{"rendered":"\n<figure class=\"wp-block-table\"><table class=\"has-fixed-layout\"><tbody><tr><td colspan=\"5\"><a href=\"https:\/\/www.worldometers.info\/world-population\/world-population-by-year\/\">https:\/\/www.worldometers.info\/world-population\/world-population-by-year\/<\/a><\/td><\/tr><tr><td colspan=\"5\"><strong>Population Mondiale par Ann\u00e9e<\/strong><\/td><\/tr><tr><td><strong>Ann\u00e9e<\/strong><\/td><td><strong>Population Mondiale<\/strong><\/td><td><strong>Variation Annuelle<\/strong><\/td><td><strong>Variation Nette<\/strong><\/td><td><strong>Densit\u00e9 (P\/Km\u00b2)<\/strong><\/td><\/tr><tr><td>2024<\/td><td>8 161 972 572<\/td><td>0,87%<\/td><td>70 237 642<\/td><td>55<\/td><\/tr><tr><td>2023<\/td><td>8 091 734 930<\/td><td>0,88%<\/td><td>70 327 738<\/td><td>54<\/td><\/tr><tr><td>2022<\/td><td>8 021 407 192<\/td><td>0,84%<\/td><td>66 958 801<\/td><td>54<\/td><\/tr><tr><td>2021<\/td><td>7 954 448 391<\/td><td>0,86%<\/td><td>67 447 099<\/td><td>53<\/td><\/tr><tr><td>2020<\/td><td>7 887 001 292<\/td><td>0,97%<\/td><td>75 707 594<\/td><td>53<\/td><\/tr><tr><td>2019<\/td><td>7 811 293 698<\/td><td>1,05%<\/td><td>81 390 917<\/td><td>52<\/td><\/tr><tr><td>2018<\/td><td>7 729 902 781<\/td><td>1,10%<\/td><td>84 284 827<\/td><td>52<\/td><\/tr><tr><td>2017<\/td><td>7 645 617 954<\/td><td>1,15%<\/td><td>87 063 428<\/td><td>51<\/td><\/tr><tr><td>2016<\/td><td>7 558 554 526<\/td><td>1,18%<\/td><td>88 062 654<\/td><td>51<\/td><\/tr><tr><td>2015<\/td><td>7 470 491 872<\/td><td>1,20%<\/td><td>88 875 628<\/td><td>50<\/td><\/tr><tr><td>2014<\/td><td>7 381 616 244<\/td><td>1,23%<\/td><td>89 822 659<\/td><td>50<\/td><\/tr><tr><td>2013<\/td><td>7 291 793 585<\/td><td>1,26%<\/td><td>90 591 100<\/td><td>49<\/td><\/tr><tr><td>2012<\/td><td>7 201 202 485<\/td><td>1,27%<\/td><td>90 278 720<\/td><td>48<\/td><\/tr><tr><td>2011<\/td><td>7 110 923 765<\/td><td>1,27%<\/td><td>89 191 617<\/td><td>48<\/td><\/tr><tr><td>2010<\/td><td>7 021 732 148<\/td><td>1,28%<\/td><td>88 965 732<\/td><td>47<\/td><\/tr><tr><td>2009<\/td><td>6 932 766 416<\/td><td>1,29%<\/td><td>88 308 754<\/td><td>47<\/td><\/tr><tr><td>2008<\/td><td>6 844 457 662<\/td><td>1,29%<\/td><td>87 148 881<\/td><td>46<\/td><\/tr><tr><td>2007<\/td><td>6 757 308 781<\/td><td>1,29%<\/td><td>85 856 766<\/td><td>45<\/td><\/tr><tr><td>2006<\/td><td>6 671 452 015<\/td><td>1,28%<\/td><td>84 481 883<\/td><td>45<\/td><\/tr><tr><td>2005<\/td><td>6 586 970 132<\/td><td>1,29%<\/td><td>83 592 360<\/td><td>44<\/td><\/tr><tr><td>2004<\/td><td>6 503 377 772<\/td><td>1,29%<\/td><td>83 016 138<\/td><td>44<\/td><\/tr><tr><td>2003<\/td><td>6 420 361 634<\/td><td>1,30%<\/td><td>82 631 292<\/td><td>43<\/td><\/tr><tr><td>2002<\/td><td>6 337 730 342<\/td><td>1,32%<\/td><td>82 793 883<\/td><td>43<\/td><\/tr><tr><td>2001<\/td><td>6 254 936 459<\/td><td>1,35%<\/td><td>83 233 466<\/td><td>42<\/td><\/tr><tr><td>2000<\/td><td>6 171 702 993<\/td><td>1,36%<\/td><td>82 696 654<\/td><td>41<\/td><\/tr><tr><td>1999<\/td><td>6 089 006 339<\/td><td>1,36%<\/td><td>81 939 649<\/td><td>41<\/td><\/tr><tr><td>1998<\/td><td>6 007 066 690<\/td><td>1,39%<\/td><td>82 278 874<\/td><td>40<\/td><\/tr><tr><td>1997<\/td><td>5 924 787 816<\/td><td>1,42%<\/td><td>82 732 082<\/td><td>40<\/td><\/tr><tr><td>1996<\/td><td>5 842 055 734<\/td><td>1,44%<\/td><td>83 176 752<\/td><td>39<\/td><\/tr><tr><td>1995<\/td><td>5 758 878 982<\/td><td>1,47%<\/td><td>83 327 727<\/td><td>39<\/td><\/tr><tr><td>1994<\/td><td>5 675 551 255<\/td><td>1,50%<\/td><td>84 006 458<\/td><td>38<\/td><\/tr><tr><td>1993<\/td><td>5 591 544 797<\/td><td>1,55%<\/td><td>85 554 981<\/td><td>38<\/td><\/tr><tr><td>1992<\/td><td>5 505 989 816<\/td><td>1,61%<\/td><td>87 253 925<\/td><td>37<\/td><\/tr><tr><td>1991<\/td><td>5 418 735 891<\/td><td>1,71%<\/td><td>90 932 781<\/td><td>36<\/td><\/tr><tr><td>1990<\/td><td>5 327 803 110<\/td><td>1,78%<\/td><td>93 371 378<\/td><td>36<\/td><\/tr><tr><td>1989<\/td><td>5 234 431 732<\/td><td>1,80%<\/td><td>92 439 190<\/td><td>35<\/td><\/tr><tr><td>1988<\/td><td>5 141 992 542<\/td><td>1,83%<\/td><td>92 246 145<\/td><td>35<\/td><\/tr><tr><td>1987<\/td><td>5 049 746 397<\/td><td>1,85%<\/td><td>91 673 559<\/td><td>34<\/td><\/tr><tr><td>1986<\/td><td>4 958 072 838<\/td><td>1,83%<\/td><td>89 129 373<\/td><td>33<\/td><\/tr><tr><td>1985<\/td><td>4 868 943 465<\/td><td>1,81%<\/td><td>86 767 946<\/td><td>33<\/td><\/tr><tr><td>1984<\/td><td>4 782 175 519<\/td><td>1,81%<\/td><td>84 847 946<\/td><td>32<\/td><\/tr><tr><td>1983<\/td><td>4 697 327 573<\/td><td>1,84%<\/td><td>84 654 152<\/td><td>32<\/td><\/tr><tr><td>1982<\/td><td>4 612 673 421<\/td><td>1,85%<\/td><td>83 896 115<\/td><td>31<\/td><\/tr><tr><td>1981<\/td><td>4 528 777 306<\/td><td>1,83%<\/td><td>81 171 070<\/td><td>30<\/td><\/tr><tr><td>1980<\/td><td>4 447 606 236<\/td><td>1,81%<\/td><td>79 066 708<\/td><td>30<\/td><\/tr><tr><td>1979<\/td><td>4 368 539 528<\/td><td>1,78%<\/td><td>76 442 026<\/td><td>29<\/td><\/tr><tr><td>1978<\/td><td>4 292 097 502<\/td><td>1,76%<\/td><td>74 233 706<\/td><td>29<\/td><\/tr><tr><td>1977<\/td><td>4 217 863 796<\/td><td>1,78%<\/td><td>73 617 419<\/td><td>28<\/td><\/tr><tr><td>1976<\/td><td>4 144 246 377<\/td><td>1,81%<\/td><td>73 511 100<\/td><td>28<\/td><\/tr><tr><td>1975<\/td><td>4 070 735 277<\/td><td>1,86%<\/td><td>74 319 181<\/td><td>27<\/td><\/tr><tr><td>1974<\/td><td>3 996 416 096<\/td><td>1,93%<\/td><td>75 611 054<\/td><td>27<\/td><\/tr><tr><td>1973<\/td><td>3 920 805 042<\/td><td>1,97%<\/td><td>75 887 362<\/td><td>26<\/td><\/tr><tr><td>1972<\/td><td>3 844 917 680<\/td><td>1,99%<\/td><td>75 069 815<\/td><td>26<\/td><\/tr><tr><td>1971<\/td><td>3 769 847 865<\/td><td>2,03%<\/td><td>75 164 071<\/td><td>25<\/td><\/tr><tr><td>1970<\/td><td>3 694 683 794<\/td><td>2,08%<\/td><td>75 192 215<\/td><td>25<\/td><\/tr><tr><td>1969<\/td><td>3 619 491 579<\/td><td>2,10%<\/td><td>74 304 328<\/td><td>24<\/td><\/tr><tr><td>1968<\/td><td>3 545 187 251<\/td><td>2,07%<\/td><td>71 774 371<\/td><td>24<\/td><\/tr><tr><td>1967<\/td><td>3 473 412 880<\/td><td>2,04%<\/td><td>69 371 755<\/td><td>23<\/td><\/tr><tr><td>1966<\/td><td>3 404 041 125<\/td><td>2,08%<\/td><td>69 507 422<\/td><td>23<\/td><\/tr><tr><td>1965<\/td><td>3 334 533 703<\/td><td>2,15%<\/td><td>70 046 364<\/td><td>22<\/td><\/tr><tr><td>1964<\/td><td>3 264 487 339<\/td><td>2,25%<\/td><td>71 679 511<\/td><td>22<\/td><\/tr><tr><td>1963<\/td><td>3 192 807 828<\/td><td>2,22%<\/td><td>69 433 513<\/td><td>21<\/td><\/tr><tr><td>1962<\/td><td>3 123 374 315<\/td><td>1,91%<\/td><td>58 504 640<\/td><td>21<\/td><\/tr><tr><td>1961<\/td><td>3 064 869 675<\/td><td>1,64%<\/td><td>49 398 781<\/td><td>21<\/td><\/tr><tr><td>1960<\/td><td>3 015 470 894<\/td><td>1,67%<\/td><td>49 520 543<\/td><td>20<\/td><\/tr><tr><td>1959<\/td><td>2 965 950 351<\/td><td>1,88%<\/td><td>54 700 680<\/td><td>20<\/td><\/tr><tr><td>1958<\/td><td>2 911 249 671<\/td><td>2,06%<\/td><td>58 631 334<\/td><td>20<\/td><\/tr><tr><td>1957<\/td><td>2 852 618 337<\/td><td>2,05%<\/td><td>57 208 343<\/td><td>19<\/td><\/tr><tr><td>1956<\/td><td>2 795 409 994<\/td><td>2,01%<\/td><td>55 196 202<\/td><td>19<\/td><\/tr><tr><td>1955<\/td><td>2 740 213 792<\/td><td>2,02%<\/td><td>54 318 932<\/td><td>18<\/td><\/tr><tr><td>1954<\/td><td>2 685 894 860<\/td><td>1,97%<\/td><td>51 788 625<\/td><td>18<\/td><\/tr><tr><td>1953<\/td><td>2 634 106 235<\/td><td>1,94%<\/td><td>50 019 896<\/td><td>18<\/td><\/tr><tr><td>1952<\/td><td>2 584 086 339<\/td><td>1,86%<\/td><td>47 159 304<\/td><td>17<\/td><\/tr><tr><td>1927<\/td><td>2 000 000 000<\/td><td colspan=\"3\"><\/td><\/tr><tr><td>1900<\/td><td>1 600 000 000<\/td><td colspan=\"3\"><\/td><\/tr><tr><td>1850<\/td><td>1 200 000 000<\/td><td colspan=\"3\"><\/td><\/tr><tr><td>1804<\/td><td>1 000 000 000<\/td><td colspan=\"3\"><\/td><\/tr><tr><td>1760<\/td><td>770 000 000<\/td><td colspan=\"3\"><\/td><\/tr><tr><td>1700<\/td><td>610 000 000<\/td><td colspan=\"3\"><\/td><\/tr><tr><td>1600<\/td><td>500 000 000<\/td><td colspan=\"3\"><\/td><\/tr><tr><td>1500<\/td><td>450 000 000<\/td><td colspan=\"3\"><\/td><\/tr><tr><td>1400<\/td><td>350 000 000<\/td><td colspan=\"3\"><\/td><\/tr><tr><td>1200<\/td><td>360 000 000<\/td><td colspan=\"3\"><\/td><\/tr><tr><td>1100<\/td><td>320 000 000<\/td><td colspan=\"3\"><\/td><\/tr><tr><td>1000<\/td><td>275 000 000<\/td><td colspan=\"3\"><\/td><\/tr><tr><td>900<\/td><td>240 000 000<\/td><td colspan=\"3\"><\/td><\/tr><tr><td>800<\/td><td>220 000 000<\/td><td colspan=\"3\"><\/td><\/tr><tr><td>700<\/td><td>210 000 000<\/td><td colspan=\"3\"><\/td><\/tr><tr><td>600<\/td><td>200 000 000<\/td><td colspan=\"3\"><\/td><\/tr><tr><td>200<\/td><td>190 000 000<\/td><td colspan=\"3\"><\/td><\/tr><tr><td><mark style=\"background-color:rgba(0, 0, 0, 0)\" class=\"has-inline-color has-vivid-red-color\">-200<\/mark><\/td><td>150 000 000<\/td><td colspan=\"3\"><\/td><\/tr><tr><td><mark style=\"background-color:rgba(0, 0, 0, 0)\" class=\"has-inline-color has-vivid-red-color\">-500<\/mark><\/td><td>100 000 000<\/td><td colspan=\"3\"><\/td><\/tr><tr><td><mark style=\"background-color:rgba(0, 0, 0, 0)\" class=\"has-inline-color has-vivid-red-color\">-1000<\/mark><\/td><td>50 000 000<\/td><td colspan=\"3\"><\/td><\/tr><tr><td><mark style=\"background-color:rgba(0, 0, 0, 0)\" class=\"has-inline-color has-vivid-red-color\">-2000<\/mark><\/td><td>27 000 000<\/td><td colspan=\"3\"><\/td><\/tr><tr><td><mark style=\"background-color:rgba(0, 0, 0, 0)\" class=\"has-inline-color has-vivid-red-color\">-3000<\/mark><\/td><td>14 000 000<\/td><td colspan=\"3\"><\/td><\/tr><tr><td><mark style=\"background-color:rgba(0, 0, 0, 0)\" class=\"has-inline-color has-vivid-red-color\">-4000<\/mark><\/td><td>7 000 000<\/td><td colspan=\"3\"><\/td><\/tr><tr><td><mark style=\"background-color:rgba(0, 0, 0, 0)\" class=\"has-inline-color has-vivid-red-color\">-5000<\/mark><\/td><td>5 000 000<\/td><td colspan=\"3\"><\/td><\/tr><tr><td colspan=\"5\">\ufeff<\/td><\/tr><tr><td colspan=\"5\"><a href=\"https:\/\/www.worldometers.info\/world-population\/world-population-by-year\/\">https:\/\/www.worldometers.info\/world-population\/world-population-by-year\/<\/a><\/td><\/tr><tr><td colspan=\"5\">\ufeff<\/td><\/tr><tr><td colspan=\"5\">La population mondiale actuelle est de 8 206 000 000<\/td><\/tr><tr><td colspan=\"5\">Le Fonds des Nations Unies pour la Population pr\u00e9voit que la population mondiale atteindra 9 milliards en 2037 <mark style=\"background-color:rgba(0, 0, 0, 0)\" class=\"has-inline-color has-vivid-red-color\">et 10 milliards en 2058<\/mark>.<\/td><\/tr><tr><td colspan=\"5\">\ufeff<\/td><\/tr><tr><td colspan=\"5\"><a href=\"https:\/\/www.alamy.com\/a-graph-showing-the-worlds-rapidly-increasing-population-from-1700-to-the-present-day-and-extending-into-2048-when-the-global-population-is-projected-to-reach-9-billion-the-worlds-population-first-reached-1-billion-in-1804-image458814202.html\">https:\/\/www.alamy.com\/a-graph-showing-the-worlds-rapidly-increasing-population-from-1700-to-the-present-day-and-extending-into-2048-when-the-global-population-is-projected-to-reach-9-billion-the-worlds-population-first-reached-1-billion-in-1804-image458814202.html<\/a><\/td><\/tr><tr><td colspan=\"5\">\ufeff<\/td><\/tr><tr><td colspan=\"5\">NB&nbsp;: L\u00e9g\u00e8rement mis \u00e0 jour \u00e0 partir du lien donn\u00e9.<\/td><\/tr><tr><td colspan=\"5\">Cliquez avec le bouton droit de la souris sur ce lien pour voir le graphique.<\/td><\/tr><tr><td colspan=\"5\">Graphique r\u00e9alis\u00e9 le 29 Septembre 2021.<\/td><\/tr><tr><td colspan=\"5\">Remarque&nbsp;: bien que ce graphique n&#8217;ait \u00e9t\u00e9 r\u00e9alis\u00e9 qu&#8217;il y a un peu plus de 3 ans, le chiffre de 9 milliards est d\u00e9sormais pr\u00e9vu pour 2037 et non 2048. Cela est d\u00fb au fait que le taux n&#8217;a pas ralenti&nbsp;; il a augment\u00e9.<\/td><\/tr><\/tbody><\/table><\/figure>\n\n\n\n<p><\/p>\n","protected":false},"excerpt":{"rendered":"<p> https:\/\/www.worldometers.info\/world-population\/world-population-by-year\/Population Mondiale par Ann\u00e9eAnn\u00e9ePopulation MondialeVariation AnnuelleVariation NetteDensit\u00e9 (P\/Km\u00b2)20248 161 972 5720,87%70 237 6425520238 091 734 9300,88%70 327 7385420228 021 407 1920,84%66 958 8015420217 954 448 3910,86%67 447 0995320207 887 001 2920,97%75 707 5945320197 811 293 6981,05%81 390 9175220187 729 902 7811,10%84 284 8275220177 645 617 9541,15%87 063 4285120167 558 554 5261,18%88 062 6545120157 470 [&#8230;]<\/p>\n","protected":false},"author":4,"featured_media":0,"parent":0,"menu_order":0,"comment_status":"closed","ping_status":"closed","template":"","meta":{"footnotes":""},"class_list":["post-1574","page","type-page","status-publish","hentry","odd"],"_links":{"self":[{"href":"https:\/\/www.xn--motdedieuexpliqu-qqb.com\/index.php\/wp-json\/wp\/v2\/pages\/1574","targetHints":{"allow":["GET"]}}],"collection":[{"href":"https:\/\/www.xn--motdedieuexpliqu-qqb.com\/index.php\/wp-json\/wp\/v2\/pages"}],"about":[{"href":"https:\/\/www.xn--motdedieuexpliqu-qqb.com\/index.php\/wp-json\/wp\/v2\/types\/page"}],"author":[{"embeddable":true,"href":"https:\/\/www.xn--motdedieuexpliqu-qqb.com\/index.php\/wp-json\/wp\/v2\/users\/4"}],"replies":[{"embeddable":true,"href":"https:\/\/www.xn--motdedieuexpliqu-qqb.com\/index.php\/wp-json\/wp\/v2\/comments?post=1574"}],"version-history":[{"count":3,"href":"https:\/\/www.xn--motdedieuexpliqu-qqb.com\/index.php\/wp-json\/wp\/v2\/pages\/1574\/revisions"}],"predecessor-version":[{"id":1578,"href":"https:\/\/www.xn--motdedieuexpliqu-qqb.com\/index.php\/wp-json\/wp\/v2\/pages\/1574\/revisions\/1578"}],"wp:attachment":[{"href":"https:\/\/www.xn--motdedieuexpliqu-qqb.com\/index.php\/wp-json\/wp\/v2\/media?parent=1574"}],"curies":[{"name":"wp","href":"https:\/\/api.w.org\/{rel}","templated":true}]}}