{"id":1764,"date":"2025-04-05T10:21:45","date_gmt":"2025-04-05T09:21:45","guid":{"rendered":"https:\/\/www.xn--motdedieuexpliqu-qqb.com\/?page_id=1764"},"modified":"2025-04-05T10:21:45","modified_gmt":"2025-04-05T09:21:45","slug":"satan-connait-le-moment-de-la-seconde-venue-de-jesus","status":"publish","type":"page","link":"https:\/\/www.xn--motdedieuexpliqu-qqb.com\/index.php\/satan-connait-le-moment-de-la-seconde-venue-de-jesus\/","title":{"rendered":"Satan conna\u00eet le moment de la Seconde Venue de J\u00e9sus"},"content":{"rendered":"\n<figure class=\"wp-block-table\"><table class=\"has-fixed-layout\"><tbody><tr><td><\/td><\/tr><tr><td>Le Mardi 11 Septembre 2001, il a utilis\u00e9 son peuple pour d\u00e9truire les \u00ab&nbsp;Tours Jumelles&nbsp;\u00bb.<\/td><\/tr><tr><td>11 Septembre 2001 = 23 Eloul 5761.<\/td><\/tr><tr><td>Il y a 7 jours entre le 23 Eloul et le 1er Tichri [d\u00e9but du Nouvel An Civil] en l&#8217;an 5761 du Calendrier H\u00e9breu. [Eloul compte 29 jours.]<\/td><\/tr><tr><td>Satan sait pertinemment que Dieu \/ J\u00e9sus utilise le nombre 7 comme un nombre parfait.<\/td><\/tr><tr><td>5761 n&#8217;est pas un Nombre Premier, car il est divisible par 11 et 523.<\/td><\/tr><tr><td>11 = D\u00e9sordre \u2013 Chaos \u2013 Jugement \u2013 D\u00e9sorganisation \u2013 Manque d&#8217;accomplissement \u2013 Imperfection \u2013 Incompl\u00e9tude \u2013 T\u00e9n\u00e8bres \u2013 Peur<\/td><\/tr><tr><td>523 = Apparition de la glorieuse princesse<\/td><\/tr><tr><td>Le 11 Septembre 2001 correspond \u00e0 2003 ann\u00e9es compl\u00e8tes apr\u00e8s la naissance de J\u00e9sus.<\/td><\/tr><tr><td>2003 a deux facteurs&nbsp;: 1 et 2003. C\u2019est le 304e Nombre Premier et le premier Nombre Premier entre 2001 et 3000.<\/td><\/tr><tr><td>Satan d\u00e9sire \u00eatre le premier et il sait que Dieu utilise les Nombres Premiers.<\/td><\/tr><tr><td>304 = Autel pa\u00efen<\/td><\/tr><tr><td>34 = Nommer un fils \u2013 Religion de l\u2019homme (argent) \u2013 Endurance<\/td><\/tr><tr><td>Le 11 Septembre 2001 est 36 ans avant la seconde venue de J\u00e9sus.<\/td><\/tr><tr><td>36 = Homme pleinement \u2013 100 % charnel \u2013 Homme exalt\u00e9 (guerrier) \u2013 Ennemi \u2013 Le Diable \u2013 Satan<\/td><\/tr><tr><td>36 = 6 * 6 = 6 \u00e9lev\u00e9 \u00e0 la puissance 2.<\/td><\/tr><tr><td>6 = Homme (conscience, chair) \u2013 Sa faiblesse \u2013 Manifestation du p\u00e9ch\u00e9 \u2013 Mal \u2013 Satan (et ses influences) \u2013 Quelque chose d&#8217;incomplet ou d&#8217;imparfait<\/td><\/tr><tr><td>Les facteurs premiers de 2001 sont 3 * 23 * 29.<\/td><\/tr><tr><td>3 = Divinit\u00e9 (3 pouvoirs) \u2013 Compl\u00e9tude \/ Perfection \/ Saintet\u00e9 divine \u2013 R\u00e9surrection \u2013 Saint-Esprit \u2013 Accomplissement de la Volont\u00e9 divine \u2013 Int\u00e9grit\u00e9 \/ Saintet\u00e9 int\u00e9rieure \u2013 Lien (Esprit de Dieu)<\/td><\/tr><tr><td>23 = Mort<\/td><\/tr><tr><td>29 = D\u00e9part \u2013 Saint (Vie sainte \/ v\u0153u)<\/td><\/tr><tr><td>Ce qui pr\u00e9c\u00e8de montre la main de Satan \u00e0 l&#8217;\u0153uvre.<\/td><\/tr><tr><td><\/td><\/tr><tr><td><strong>Mais J\u00e9sus a vaincu Satan.<\/strong><\/td><\/tr><tr><td>J\u00e9sus reviendra le Vendredi 11 Septembre 2037, soit apr\u00e8s le coucher du soleil le jeudi 10 Septembre 2037, heure de J\u00e9rusalem.<\/td><\/tr><tr><td>Selon le Calendrier Gr\u00e9gorien actuel, cela correspond exactement 432 mois apr\u00e8s la destruction des \u00ab&nbsp;Tours jumelles&nbsp;\u00bb par Satan.<\/td><\/tr><tr><td>432 = Le Roi honore son fid\u00e8le serviteur<\/td><\/tr><tr><td>J\u00e9sus reviendra 13&nbsp;149 jours apr\u00e8s la destruction des \u00ab&nbsp;Tours jumelles&nbsp;\u00bb par Satan.<\/td><\/tr><tr><td>Les facteurs premiers de 13&nbsp;149 sont 3 * 3 * 3 * 487.<\/td><\/tr><tr><td>Notez que 3 est \u00e9lev\u00e9 \u00e0 la puissance sup\u00e9rieure de 3, ce qui implique que J\u00e9sus est bien plus grand que Satan.<\/td><\/tr><tr><td>3 = Divinit\u00e9 (3 Puissances) \u2013 Compl\u00e9tude \/ Perfection \/ Saintet\u00e9 divines \u2013 R\u00e9surrection \u2013 Saint-Esprit \u2013 Accomplissement de la Volont\u00e9 divine \u2013 Int\u00e9grit\u00e9 \/ Saintet\u00e9 int\u00e9rieure \u2013 Lien (Esprit de Dieu)<\/td><\/tr><tr><td>487 = Ceux qui oublient Dieu tombent<\/td><\/tr><tr><td>13&nbsp;149 jours signifie que vous \u00eates dans la semaine 1&nbsp;879.<\/td><\/tr><tr><td>1&nbsp;879 est un Nombre Premier compris entre 1&nbsp;001 et 2&nbsp;000. Il a deux facteurs&nbsp;: 1 et 1&nbsp;879. C&#8217;est le 289e Nombre Premier et le 121e Nombre Premier compris entre 1&nbsp;001 et 2&nbsp;000.<\/td><\/tr><tr><td>289 = Gloire \u00e0 Dieu<\/td><\/tr><tr><td>121 = Veilleur<\/td><\/tr><tr><td>Notez \u00e9galement qu&#8217;apr\u00e8s 36 ann\u00e9es compl\u00e8tes [2037-2021] de domination satanique, J\u00e9sus revient imm\u00e9diatement au d\u00e9but de la 37e ann\u00e9e.<\/td><\/tr><tr><td>J\u00e9sus a \u00e9t\u00e9 con\u00e7u au d\u00e9but d&#8217;une nouvelle ann\u00e9e \u2013 le solstice d&#8217;hiver de l&#8217;an 4 av. J.-C.<\/td><\/tr><tr><td>J\u00e9sus est n\u00e9 au d\u00e9but du Nouvel An civil juif \u2013 le 1er Tichri.<\/td><\/tr><tr><td>37 = La Parole de Dieu \u2013 La Divinit\u00e9 \u2013 Les Attributs de Dieu \u2013 Le Serviteur \u00c9lu \u2013 L&#8217;Exaltation<\/td><\/tr><tr><td>37 est \u00e9galement le 12e Nombre Premier.<\/td><\/tr><tr><td>12 = Perfection gouvernementale \u2013 Pouvoir, Autorit\u00e9 et R\u00e8gne Divins \u2013 Compl\u00e9tude \u2013 \u00c9glise de Dieu \u2013 Nouvelle J\u00e9rusalem<\/td><\/tr><\/tbody><\/table><\/figure>\n\n\n\n<p><\/p>\n","protected":false},"excerpt":{"rendered":"<p> Le Mardi 11 Septembre 2001, il a utilis\u00e9 son peuple pour d\u00e9truire les \u00ab&nbsp;Tours Jumelles&nbsp;\u00bb.11 Septembre 2001 = 23 Eloul 5761.Il y a 7 jours entre le 23 Eloul et le 1er Tichri [d\u00e9but du Nouvel An Civil] en l&#8217;an 5761 du Calendrier H\u00e9breu. [Eloul compte 29 jours.]Satan sait pertinemment que Dieu \/ J\u00e9sus [&#8230;]<\/p>\n","protected":false},"author":4,"featured_media":0,"parent":0,"menu_order":0,"comment_status":"closed","ping_status":"closed","template":"","meta":{"footnotes":""},"class_list":["post-1764","page","type-page","status-publish","hentry","odd"],"_links":{"self":[{"href":"https:\/\/www.xn--motdedieuexpliqu-qqb.com\/index.php\/wp-json\/wp\/v2\/pages\/1764","targetHints":{"allow":["GET"]}}],"collection":[{"href":"https:\/\/www.xn--motdedieuexpliqu-qqb.com\/index.php\/wp-json\/wp\/v2\/pages"}],"about":[{"href":"https:\/\/www.xn--motdedieuexpliqu-qqb.com\/index.php\/wp-json\/wp\/v2\/types\/page"}],"author":[{"embeddable":true,"href":"https:\/\/www.xn--motdedieuexpliqu-qqb.com\/index.php\/wp-json\/wp\/v2\/users\/4"}],"replies":[{"embeddable":true,"href":"https:\/\/www.xn--motdedieuexpliqu-qqb.com\/index.php\/wp-json\/wp\/v2\/comments?post=1764"}],"version-history":[{"count":1,"href":"https:\/\/www.xn--motdedieuexpliqu-qqb.com\/index.php\/wp-json\/wp\/v2\/pages\/1764\/revisions"}],"predecessor-version":[{"id":1765,"href":"https:\/\/www.xn--motdedieuexpliqu-qqb.com\/index.php\/wp-json\/wp\/v2\/pages\/1764\/revisions\/1765"}],"wp:attachment":[{"href":"https:\/\/www.xn--motdedieuexpliqu-qqb.com\/index.php\/wp-json\/wp\/v2\/media?parent=1764"}],"curies":[{"name":"wp","href":"https:\/\/api.w.org\/{rel}","templated":true}]}}