{"id":1789,"date":"2025-06-23T21:23:55","date_gmt":"2025-06-23T20:23:55","guid":{"rendered":"https:\/\/www.xn--motdedieuexpliqu-qqb.com\/?page_id=1789"},"modified":"2025-06-23T21:23:55","modified_gmt":"2025-06-23T20:23:55","slug":"arc-en-ciel-de-promesses","status":"publish","type":"page","link":"https:\/\/www.xn--motdedieuexpliqu-qqb.com\/index.php\/arc-en-ciel-de-promesses\/","title":{"rendered":"Arc-en-Ciel de Promesses"},"content":{"rendered":"\n<figure class=\"wp-block-table\"><table class=\"has-fixed-layout\"><tbody><tr><td><\/td><\/tr><tr><td>Gen\u00e8se 9:8 Dieu parla \u00e0 No\u00e9 et \u00e0 ses fils avec lui, et dit&nbsp;:<\/td><\/tr><tr><td>Gen\u00e8se 9:9 Et moi, voici, j\u2019\u00e9tablis MON ALLIANCE avec VOUS, et avec VOTRE POST\u00c9RIT\u00c9 apr\u00e8s vous.<\/td><\/tr><tr><td>Gen\u00e8se 9:10 ET AVEC TOUS LES \u00caTRES VIVANTS qui sont avec vous, des oiseaux, du b\u00e9tail et de tous les animaux de la terre avec vous, depuis tous ceux qui sortent de l\u2019arche jusqu\u2019\u00e0 tous les animaux de la terre.<\/td><\/tr><tr><td>Gen\u00e8se 9:11 J\u2019\u00e9tablirai MON ALLIANCE avec vous&nbsp;: aucune chair ne sera plus extermin\u00e9e par les eaux du d\u00e9luge, et il n\u2019y aura plus de d\u00e9luge pour d\u00e9truire la terre.<\/td><\/tr><tr><td>Gen\u00e8se 9:12 Dieu dit : \u00ab Ceci est le signe de l&#8217;ALLIANCE que j&#8217;\u00e9tablis entre MOI et VOUS, et TOUT \u00caTRE VIVANT qui est avec vous, pour des G\u00c9N\u00c9RATIONS PERP\u00c9TUELLES. \u00bb<\/td><\/tr><tr><td>Gen\u00e8se 9:13 Je place MON ARC dans la NU\u00c9E, et il servira de signe d&#8217;ALLIANCE entre MOI et la TERRE. [\u00c9z\u00e9chiel 1:28]<\/td><\/tr><tr><td>Gen\u00e8se 9:14 Quand j&#8217;am\u00e8nerai une nu\u00e9e sur la terre, l&#8217;arc appara\u00eetra dans la nu\u00e9e.<\/td><\/tr><tr><td>Gen\u00e8se 9:15 Je me souviendrai de MON ALLIANCE, qui est entre MOI et VOUS, et AVEC TOUT \u00caTRE VIVANT, de toute chair. Et les eaux ne deviendront plus un d\u00e9luge pour d\u00e9truire toute chair.<\/td><\/tr><tr><td>Gen\u00e8se 9:16 L&#8217;arc sera dans la nu\u00e9e. et je le contemplerai, afin de me souvenir de l&#8217;ALLIANCE \u00c9TERNELLE entre Dieu et toute cr\u00e9ature vivante, de toute chair qui est sur la terre.<br>[L&#8217;arc-en-ciel fut donn\u00e9 juste apr\u00e8s le D\u00e9luge de 2348 av. J.-C. Dieu a honor\u00e9 cette ALLIANCE \u00c9TERNELLE pendant plus de 4370 ans. Pourquoi ? Parce que, comme le sabbat, c&#8217;est une Alliance perp\u00e9tuelle entre Dieu, qui ne change pas, et l&#8217;homme.]<br>[L&#8217;arc-en-ciel \u00e9tait l&#8217;embl\u00e8me naturel appropri\u00e9 de la pr\u00e9servation d&#8217;un d\u00e9luge ; et l&#8217;ablation du pr\u00e9puce \u00e9tait le symbole appropri\u00e9 de cette \u00e9limination du vieil homme et du renouvellement de la nature, qui qualifiait Abraham pour \u00eatre le parent d&#8217;une semence sainte. De m\u00eame que le premier signe pr\u00e9figure un h\u00e9ritage incorruptible, de m\u00eame le second pr\u00e9pare la voie \u00e0 une semence sainte, par laquelle la saintet\u00e9 et l&#8217;h\u00e9ritage seront finalement universellement \u00e9tendus. C&#8217;\u00e9tait le signe dans l&#8217;\u00c9glise de l&#8217;Ancien Testament, comme le bapt\u00eame l&#8217;est dans le Nouveau. C&#8217;est pourquoi l&#8217;alliance est appel\u00e9e \u00ab alliance de la circoncision \u00bb dans Actes 7:8 et \u00ab signe de la circoncision \u00bb dans Romains 4:11.]<\/td><\/tr><tr><td>Gen\u00e8se 9:17 Dieu dit \u00e0 No\u00e9 : \u00ab Ceci est le signe de l&#8217;ALLIANCE que j&#8217;ai \u00e9tablie entre MOI [Dieu] et TOUTE CHAIR qui est sur la terre. \u00bb<\/td><\/tr><tr><td><\/td><\/tr><tr><td>Les principes directeurs du TR\u00d4NE DE DIEU sont la JUSTICE et la MIS\u00c9RICORDE. Il est appel\u00e9 le TR\u00d4NE de la GR\u00c2CE. Souhaitez-vous recevoir l&#8217;illumination divine ? Allez au TR\u00d4NE de la GR\u00c2CE, et vous recevrez une r\u00e9ponse du SI\u00c8GE de la MIS\u00c9RICORDE. Un pacte a \u00e9t\u00e9 conclu entre le P\u00c8RE et le FILS pour sauver le monde par le CHRIST, qui s&#8217;est donn\u00e9 lui-m\u00eame afin que quiconque croit en lui ne p\u00e9risse pas, mais ait la VIE \u00c9TERNELLE. Aucune PUISSANCE humaine ni aucune PUISSANCE ang\u00e9lique ne pourrait conclure une telle alliance. L&#8217;ARC-EN-CIEL au-dessus du TR\u00d4NE est un signe que DIEU, par le CHRIST, s&#8217;engage \u00e0 sauver tous ceux qui CROIENT en LUI. {Ms16-1890}<\/td><\/tr><tr><td><\/td><\/tr><tr><td>\u00c9z\u00e9chiel 1:28 Comme l&#8217;aspect de l&#8217;arc-en-ciel dans la nu\u00e9e un jour de pluie, ainsi \u00e9tait l&#8217;aspect de la splendeur qui l&#8217;entourait. C&#8217;\u00e9tait l&#8217;aspect de la ressemblance de la gloire de l&#8217;\u00c9TERNEL. Quand je la vis, je tombai sur ma face, et j&#8217;entendis une voix qui parlait.<\/td><\/tr><tr><td><\/td><\/tr><tr><td>L&#8217;arc-en-ciel (la promesse de Gen\u00e8se 9:13) qui entoure le tr\u00f4ne de Dieu est notre assurance de son amour \u00e9ternel&nbsp;:<\/td><\/tr><tr><td><\/td><\/tr><tr><td>Dans l&#8217;\u00c9VANGILE de J\u00c9SUS-CHRIST, proclam\u00e9 par les ANGES comme une bonne nouvelle de grande joie, les conditions du salut ont \u00e9t\u00e9 pleinement r\u00e9v\u00e9l\u00e9es. La LOI demeure dans toute sa force et sa PURET\u00c9 originelles&nbsp;; pas un seul iota, pas un seul trait de lettre ne devait \u00eatre abrog\u00e9 ou modifi\u00e9&nbsp;; Car la LOI est la TRANSCRIPTION du CARACT\u00c8RE de DIEU. Mais le Seigneur a conclu une ALLIANCE de GR\u00c2CE par laquelle SA MIS\u00c9RICORDE s&#8217;\u00e9tend \u00e0 l&#8217;homme d\u00e9chu, et des dispositions si amples et puissantes sont prises pour que les \u00e2mes ruin\u00e9es par la chute puissent \u00eatre \u00e9lev\u00e9es \u00e0 la gloire, \u00e0 l&#8217;honneur et \u00e0 l&#8217;immortalit\u00e9. \u00ab Car DIEU a tant aim\u00e9 le monde qu&#8217;Il a donn\u00e9 SON FILS UNIQUE, afin que quiconque croit en lui ne p\u00e9risse point, mais qu&#8217;il ait la vie \u00e9ternelle. \u00bb AUTOUR du TR\u00d4NE de DIEU se trouve l&#8217;ARC-EN-CIEL de l&#8217;ALLIANCE, symbole de la PAROLE de DIEU promise, selon laquelle il accueillera tout p\u00e9cheur qui abandonne tout espoir de VIE \u00c9TERNELLE sur la base de SA PROPRE JUSTICE, et accepte la JUSTICE du R\u00c9DEMPTEUR du monde, croyant que CHRIST est son SAUVEUR PERSONNEL, capable de le sauver de son p\u00e9ch\u00e9 et de le pr\u00e9server de la chute. Si le CHRIST n&#8217;est pas le fondement de notre esp\u00e9rance, nous n&#8217;h\u00e9riterons pas de la VIE \u00c9TERNELLE. {ST, 5 septembre 1892, par. 3}<\/td><\/tr><tr><td><\/td><\/tr><tr><td>\u00c0 mesure que la fin approche, les t\u00e9moignages des SERVITEURS de DIEU deviendront plus fermes et plus puissants, projetant la LUMI\u00c8RE de la V\u00c9RIT\u00c9 sur les syst\u00e8mes d&#8217;erreur et d&#8217;oppression qui ont si longtemps domin\u00e9. Le Seigneur nous a envoy\u00e9 des MESSAGES pour ce temps, qui \u00e9tabliront le christianisme sur une base \u00e9ternelle&nbsp;; et tous ceux qui croient \u00e0 la V\u00c9RIT\u00c9 PR\u00c9SENTE doivent s&#8217;appuyer, non sur leur propre sagesse, mais sur la SAGESSE DE DIEU, et \u00e9lever les fondements de nombreuses g\u00e9n\u00e9rations&nbsp;; et ils seront inscrits dans les LIVRES du CIEL comme \u00ab&nbsp;r\u00e9parateurs de br\u00e8ches&nbsp;\u00bb, \u00ab&nbsp;restaurateurs de sentiers o\u00f9 l&#8217;on peut demeurer&nbsp;\u00bb. Face \u00e0 l&#8217;opposition la plus acharn\u00e9e, nous devons maintenir la V\u00c9RIT\u00c9, car c&#8217;est la V\u00c9RIT\u00c9. DIEU agit sur les esprits humains&nbsp;; l&#8217;homme n&#8217;est pas seul \u00e0 agir. La GRANDE PUISSANCE ILLUMINANTE vient du CHRIST&nbsp;; l&#8217;\u00e9clat de son exemple doit \u00eatre pr\u00e9sent \u00e0 tous dans chaque discours. Son amour est la gloire de l&#8217;ARC-EN-CIEL qui entoure le TR\u00d4NE D&#8217;EN HAUT. {RH, 13 d\u00e9cembre 1892, par. 5}<\/td><\/tr><tr><td>Le Seigneur a dit : \u00ab Je place mon arc dans la nu\u00e9e, et il servira de signe d&#8217;alliance entre moi et la terre\u2026 Et je me souviendrai de mon alliance, qui est entre moi et vous, et tout \u00eatre vivant, de toute chair ; et les eaux ne deviendront plus un d\u00e9luge pour d\u00e9truire toute chair. \u00bb Dans l&#8217;ARC-EN-CIEL au-dessus du TR\u00d4NE se trouve un T\u00c9MOIGNAGE \u00c9TERNEL : \u00ab DIEU a tant aim\u00e9 le monde qu&#8217;Il a donn\u00e9 SON FILS UNIQUE, afin que quiconque croit en lui ne p\u00e9risse point, mais qu&#8217;il ait la vie \u00e9ternelle. \u00bb Chaque fois que la loi est pr\u00e9sent\u00e9e au peuple, que celui qui enseigne la V\u00c9RIT\u00c9 d\u00e9signe le TR\u00d4NE arqu\u00e9 par l&#8217;ARC-EN-CIEL de la PROMESSE, la JUSTICE du CHRIST. La gloire de la loi, c&#8217;est le CHRIST ; Il est venu magnifier la loi et la rendre honorable. Faites en sorte qu&#8217;il soit clair que la MIS\u00c9RICORDE et la paix se sont rencontr\u00e9es en CHRIST, et que la JUSTICE et la v\u00e9rit\u00e9 se sont embrass\u00e9es. Lorsque vous regardez vers son tr\u00f4ne, offrant votre p\u00e9nitence, vos louanges et vos actions de gr\u00e2ces afin de parfaire votre caract\u00e8re chr\u00e9tien et de repr\u00e9senter CHRIST au monde, vous demeurez en CHRIST, et CHRIST demeure en vous&nbsp;; vous avez la paix qui surpasse toute intelligence. Nous devons continuellement m\u00e9diter sur la beaut\u00e9 attrayante de CHRIST. Nous devons diriger nos esprits vers J\u00c9SUS, les fixer sur lui. Dans chaque discours, insistez sur les attributs divins. {RH, 13 d\u00e9cembre 1892, par. 6}<\/td><\/tr><tr><td>Comme l&#8217;arc-en-ciel dans le nuage est form\u00e9 par l&#8217;union de la lumi\u00e8re du soleil et de la pluie, ainsi l&#8217;ARC-EN-CIEL qui entoure le TR\u00d4NE repr\u00e9sente la PUISSANCE combin\u00e9e de la MIS\u00c9RICORDE et de la JUSTICE. Ce n&#8217;est pas la JUSTICE seule qui doit \u00eatre maintenue&nbsp;; Car cela \u00e9clipserait la gloire de l&#8217;ARC-EN-CIEL de la PROMESSE au-dessus du TR\u00d4NE&nbsp;; les hommes ne verraient que le ch\u00e2timent de la loi. Sans JUSTICE, sans ch\u00e2timent, le gouvernement de DIEU serait impuissant. C&#8217;est le m\u00e9lange du JUGEMENT et de la MIS\u00c9RICORDE qui rend le salut complet. C&#8217;est l&#8217;union des deux qui nous conduit, en consid\u00e9rant le R\u00c9DEMPTEUR du monde et la LOI de J\u00c9HOVAH, \u00e0 nous exclamer&nbsp;: \u00ab&nbsp;Ta douceur m&#8217;a rendu grand.\u00bb Nous savons que l&#8217;\u00c9VANGILE est un syst\u00e8me parfait et complet, r\u00e9v\u00e9lant l&#8217;immuabilit\u00e9 de la LOI de DIEU. Il inspire au c\u0153ur l&#8217;esp\u00e9rance et l&#8217;amour pour DIEU. La MIS\u00c9RICORDE nous invite \u00e0 franchir les portes de la CIT\u00c9 de DIEU, et la JUSTICE se contente d&#8217;accorder \u00e0 toute \u00e2me ob\u00e9issante tous les privil\u00e8ges de membre de la FAMILLE ROYALE, d&#8217;enfant du ROI C\u00c9LESTE. Si notre caract\u00e8re \u00e9tait d\u00e9fectueux, nous ne pourrions franchir les portes que la MIS\u00c9RICORDE a ouvertes aux ob\u00e9issants&nbsp;; car la JUSTICE se tient \u00e0 l\u2019entr\u00e9e et exige la SAINTET\u00c9 de tous ceux qui veulent voir DIEU. Si la JUSTICE \u00e9tait \u00e9teinte et s\u2019il \u00e9tait possible \u00e0 la MIS\u00c9RICORDE DIVINE d\u2019ouvrir les portes \u00e0 toute l\u2019humanit\u00e9, quel que soit le caract\u00e8re, la d\u00e9saffection et la r\u00e9bellion au CIEL seraient pires qu\u2019avant l\u2019expulsion de Satan. La paix, le bonheur et l\u2019harmonie du CIEL seraient bris\u00e9s. Le passage de la terre au CIEL ne changera pas le caract\u00e8re des hommes&nbsp;; le bonheur des rachet\u00e9s au CIEL r\u00e9sulte du caract\u00e8re form\u00e9 dans cette vie \u00e0 l\u2019IMAGE du CHRIST. Les SAINTS au CIEL auront d\u2019abord \u00e9t\u00e9 des SAINTS sur terre. {RH, 13 d\u00e9cembre 1892, par. 7}.<\/td><\/tr><tr><td><\/td><\/tr><tr><td>Au CIEL, l\u2019apparence d\u2019un ARC-EN-CIEL entoure le TR\u00d4NE et SURMONTE la T\u00caTE du CHRIST. Le PROPH\u00c8TE dit : \u00ab Comme l&#8217;aspect de l&#8217;arc-en-ciel dans la nu\u00e9e un jour de pluie, ainsi \u00e9tait l&#8217;aspect de la splendeur qui l&#8217;entourait [du tr\u00f4ne]. C&#8217;\u00e9tait l&#8217;aspect de la ressemblance de la gloire de J\u00e9hovah. \u00bb \u00c9z\u00e9chiel 1:28. Le r\u00e9v\u00e9lateur d\u00e9clare : \u00ab Voici, un TR\u00d4NE \u00e9tait plac\u00e9 dans le CIEL, et sur ce TR\u00d4NE quelqu&#8217;un \u00e9tait assis\u2026 Il y avait un ARC-EN-CIEL autour du TR\u00d4NE, semblable \u00e0 une \u00e9meraude. \u00bb Apocalypse 4:2, 3. Lorsque l&#8217;homme, par sa grande m\u00e9chancet\u00e9, s&#8217;attire les jugements divins, le SAUVEUR, interc\u00e9dant aupr\u00e8s du P\u00c8RE en sa faveur, d\u00e9signe l&#8217;arc-en-ciel dans les nuages, l&#8217;ARC-EN-CIEL autour du TR\u00d4NE et au-dessus de sa t\u00eate, en signe de la MIS\u00c9RICORDE de DIEU envers le p\u00e9cheur repentant. {1890 PP 107.1}]<\/td><\/tr><\/tbody><\/table><\/figure>\n","protected":false},"excerpt":{"rendered":"<p> Gen\u00e8se 9:8 Dieu parla \u00e0 No\u00e9 et \u00e0 ses fils avec lui, et dit&nbsp;:Gen\u00e8se 9:9 Et moi, voici, j\u2019\u00e9tablis MON ALLIANCE avec VOUS, et avec VOTRE POST\u00c9RIT\u00c9 apr\u00e8s vous.Gen\u00e8se 9:10 ET AVEC TOUS LES \u00caTRES VIVANTS qui sont avec vous, des oiseaux, du b\u00e9tail et de tous les animaux de la terre avec vous, [&#8230;]<\/p>\n","protected":false},"author":4,"featured_media":0,"parent":0,"menu_order":0,"comment_status":"closed","ping_status":"closed","template":"","meta":{"footnotes":""},"class_list":["post-1789","page","type-page","status-publish","hentry","odd"],"_links":{"self":[{"href":"https:\/\/www.xn--motdedieuexpliqu-qqb.com\/index.php\/wp-json\/wp\/v2\/pages\/1789","targetHints":{"allow":["GET"]}}],"collection":[{"href":"https:\/\/www.xn--motdedieuexpliqu-qqb.com\/index.php\/wp-json\/wp\/v2\/pages"}],"about":[{"href":"https:\/\/www.xn--motdedieuexpliqu-qqb.com\/index.php\/wp-json\/wp\/v2\/types\/page"}],"author":[{"embeddable":true,"href":"https:\/\/www.xn--motdedieuexpliqu-qqb.com\/index.php\/wp-json\/wp\/v2\/users\/4"}],"replies":[{"embeddable":true,"href":"https:\/\/www.xn--motdedieuexpliqu-qqb.com\/index.php\/wp-json\/wp\/v2\/comments?post=1789"}],"version-history":[{"count":1,"href":"https:\/\/www.xn--motdedieuexpliqu-qqb.com\/index.php\/wp-json\/wp\/v2\/pages\/1789\/revisions"}],"predecessor-version":[{"id":1790,"href":"https:\/\/www.xn--motdedieuexpliqu-qqb.com\/index.php\/wp-json\/wp\/v2\/pages\/1789\/revisions\/1790"}],"wp:attachment":[{"href":"https:\/\/www.xn--motdedieuexpliqu-qqb.com\/index.php\/wp-json\/wp\/v2\/media?parent=1789"}],"curies":[{"name":"wp","href":"https:\/\/api.w.org\/{rel}","templated":true}]}}