{"id":1799,"date":"2025-07-26T12:10:07","date_gmt":"2025-07-26T11:10:07","guid":{"rendered":"https:\/\/www.xn--motdedieuexpliqu-qqb.com\/?page_id=1799"},"modified":"2025-07-26T12:24:12","modified_gmt":"2025-07-26T11:24:12","slug":"un-message-dans-les-chiffres-de-pi","status":"publish","type":"page","link":"https:\/\/www.xn--motdedieuexpliqu-qqb.com\/index.php\/un-message-dans-les-chiffres-de-pi\/","title":{"rendered":"Un message dans les chiffres de Pi"},"content":{"rendered":"\n<figure class=\"wp-block-table\"><table class=\"has-fixed-layout\"><tbody><tr><td><\/td><\/tr><tr><td>Apr\u00e8s 844&nbsp;235 chiffres d\u00e9cimaux de Pi, nous avons&nbsp;:<\/td><\/tr><tr><td>1<strong>2037<\/strong> <strong><span style=\"text-decoration: underline;\">888<\/span><\/strong>19<\/td><\/tr><tr><td>Dans le tableau de nombres Pi ci-dessus, nous trouvons la date de la seconde venue de J\u00e9sus [ann\u00e9e 2037, mois 9 et jour 11].<\/td><\/tr><tr><td>888 fait r\u00e9f\u00e9rence \u00e0 la R\u00e9surrection des Saints.<\/td><\/tr><tr><td>Le dernier 8 de 888 est le 844&nbsp;243e chiffre d\u00e9cimal de Pi.<\/td><\/tr><tr><td>Le nombre 844\u00a0243 est un Nombre Premier.<\/td><\/tr><tr><td><\/td><\/tr><tr><td><strong><span style=\"text-decoration: underline;\">77 7<\/span><\/strong>69541<strong>2037<\/strong> <strong><span style=\"text-decoration: underline;\">888<\/span><\/strong>19<\/td><\/tr><tr><td>7 chiffres avant le tableau ci-dessus, on trouve 777<\/td><\/tr><tr><td>777 = Puissance de la Divinit\u00e9 \/ Perfection \u2013 J\u00e9sus-Christ<\/td><\/tr><tr><td><\/td><\/tr><tr><td>La signification du chiffre 6954 n&#8217;est pas claire, mais il est \u00e0 noter que&nbsp;:<\/td><\/tr><tr><td>Les facteurs premiers sont&nbsp;: 2, 3, 19, 61.<\/td><\/tr><tr><td>On peut l&#8217;\u00e9crire&nbsp;: 6, 19, 61, o\u00f9<\/td><\/tr><tr><td>6 = Homme<\/td><\/tr><tr><td>19 = Foi \u2013 L&#8217;ordre parfait de Dieu concernant Son jugement<\/td><\/tr><tr><td>61 = Roi des Juifs (Messie)<\/td><\/tr><tr><td><\/td><\/tr><tr><td>9448897<strong><span style=\"text-decoration: underline;\">555<\/span><\/strong> 4791079002 94328073<strong><span style=\"text-decoration: underline;\">77 7<\/span><\/strong>69541<strong>2037<\/strong> <strong><span style=\"text-decoration: underline;\">888<\/span><\/strong>1938575<\/td><\/tr><tr><td>3362453<strong><span style=\"text-decoration: underline;\">555<\/span><\/strong> 7<strong><span style=\"text-decoration: underline;\">555<\/span><\/strong>386215 1372157904 8564519552 4782723839<\/td><\/tr><tr><td><\/td><\/tr><tr><td>Plus loin que le tableau de chiffres d\u00e9cimaux Pi ci-dessus, nous trouvons le nombre 555 apparaissant 3 fois.<\/td><\/tr><tr><td>555 = Marcher avec Dieu<\/td><\/tr><tr><td>Entre les deux lots de 555, on trouve le nombre 7<\/td><\/tr><tr><td>7 = Compl\u00e9tude spirituelle \/ Perfection \u2013 Sanctification \u2013 R\u00e9surrection<\/td><\/tr><\/tbody><\/table><\/figure>\n\n\n\n<p><\/p>\n","protected":false},"excerpt":{"rendered":"<p> Apr\u00e8s 844&nbsp;235 chiffres d\u00e9cimaux de Pi, nous avons&nbsp;:12037 88819Dans le tableau de nombres Pi ci-dessus, nous trouvons la date de la seconde venue de J\u00e9sus [ann\u00e9e 2037, mois 9 et jour 11].888 fait r\u00e9f\u00e9rence \u00e0 la R\u00e9surrection des Saints.Le dernier 8 de 888 est le 844&nbsp;243e chiffre d\u00e9cimal de Pi.Le nombre 844 243 est [&#8230;]<\/p>\n","protected":false},"author":4,"featured_media":0,"parent":0,"menu_order":0,"comment_status":"closed","ping_status":"closed","template":"","meta":{"footnotes":""},"class_list":["post-1799","page","type-page","status-publish","hentry","odd"],"_links":{"self":[{"href":"https:\/\/www.xn--motdedieuexpliqu-qqb.com\/index.php\/wp-json\/wp\/v2\/pages\/1799","targetHints":{"allow":["GET"]}}],"collection":[{"href":"https:\/\/www.xn--motdedieuexpliqu-qqb.com\/index.php\/wp-json\/wp\/v2\/pages"}],"about":[{"href":"https:\/\/www.xn--motdedieuexpliqu-qqb.com\/index.php\/wp-json\/wp\/v2\/types\/page"}],"author":[{"embeddable":true,"href":"https:\/\/www.xn--motdedieuexpliqu-qqb.com\/index.php\/wp-json\/wp\/v2\/users\/4"}],"replies":[{"embeddable":true,"href":"https:\/\/www.xn--motdedieuexpliqu-qqb.com\/index.php\/wp-json\/wp\/v2\/comments?post=1799"}],"version-history":[{"count":3,"href":"https:\/\/www.xn--motdedieuexpliqu-qqb.com\/index.php\/wp-json\/wp\/v2\/pages\/1799\/revisions"}],"predecessor-version":[{"id":1802,"href":"https:\/\/www.xn--motdedieuexpliqu-qqb.com\/index.php\/wp-json\/wp\/v2\/pages\/1799\/revisions\/1802"}],"wp:attachment":[{"href":"https:\/\/www.xn--motdedieuexpliqu-qqb.com\/index.php\/wp-json\/wp\/v2\/media?parent=1799"}],"curies":[{"name":"wp","href":"https:\/\/api.w.org\/{rel}","templated":true}]}}